000
CDUS43 KPAH 290628
CLICGI

CLIMATE REPORT
NATIONAL WEATHER SERVICE PADUCAH
1228 AM CST SUN NOV 29 2020

...................................

...THE CAPE GIRARDEAU MO CLIMATE SUMMARY FOR NOVEMBER 28 2020...

CLIMATE NORMAL PERIOD 1981 TO 2010
CLIMATE RECORD PERIOD 1960 TO 2020


WEATHER ITEM   OBSERVED TIME   RECORD YEAR NORMAL DEPARTURE LAST
                VALUE   (LST)  VALUE       VALUE  FROM      YEAR
                                                  NORMAL
...................................................................
TEMPERATURE (F)
 YESTERDAY
  MAXIMUM         54    310 PM  69    1998  51      3       40
  MINIMUM         30   1049 PM  18    1976  32     -2       34
                                      2018
  AVERAGE         42                        41      1       37

PRECIPITATION (IN)
  YESTERDAY        T             2.42 2016   0.16  -0.16     0.25
  MONTH TO DATE    2.05                      4.12  -2.07     4.71
  SINCE SEP 1     10.22                     11.19  -0.97    15.21
  SINCE JAN 1     47.02                     42.24   4.78    60.22

DEGREE DAYS
 HEATING
  YESTERDAY       23                        24     -1       28
  MONTH TO DATE  394                       500   -106      644
  SINCE SEP 1    719                       802    -83      905
  SINCE JUL 1    719                       803    -84      905

 COOLING
  YESTERDAY        0                         0      0        0
  MONTH TO DATE   16                         0     16        0
  SINCE SEP 1    199                       191      8      400
  SINCE JAN 1   1506                      1451     55     1775
...................................................................


WIND (MPH)
  HIGHEST WIND SPEED    10   HIGHEST WIND DIRECTION    NE (40)
  HIGHEST GUST SPEED    13   HIGHEST GUST DIRECTION    NE (60)
  AVERAGE WIND SPEED     2.6


SKY COVER
  AVERAGE SKY COVER 0.0


WEATHER CONDITIONS
THE FOLLOWING WEATHER WAS RECORDED YESTERDAY.
  FOG
  HAZE


RELATIVE HUMIDITY (PERCENT)
 HIGHEST    92           800 AM
 LOWEST     35           300 PM
 AVERAGE    64

..........................................................


THE CAPE GIRARDEAU MO CLIMATE NORMALS FOR TODAY
                         NORMAL    RECORD    YEAR
 MAXIMUM TEMPERATURE (F)   51        70      1975
 MINIMUM TEMPERATURE (F)   32         8      1976


SUNRISE AND SUNSET
NOVEMBER 29 2020......SUNRISE   652 AM CST   SUNSET   441 PM CST
NOVEMBER 30 2020......SUNRISE   653 AM CST   SUNSET   441 PM CST


-  INDICATES NEGATIVE NUMBERS.
R  INDICATES RECORD WAS SET OR TIED.
MM INDICATES DATA IS MISSING.
T  INDICATES TRACE AMOUNT.




$$
