439
CDUS44 KMRX 280811
CLICHA

CLIMATE REPORT
NATIONAL WEATHER SERVICE MORRISTOWN, TN
311 AM EST SAT NOV 28 2020

...................................

...THE CHATTANOOGA AIRPORT CLIMATE SUMMARY FOR NOVEMBER 27 2020...

CLIMATE NORMAL PERIOD: 1981 TO 2010
CLIMATE RECORD PERIOD: 1879 TO 2020


WEATHER ITEM   OBSERVED TIME   RECORD YEAR NORMAL DEPARTURE LAST
                VALUE   (LST)  VALUE       VALUE  FROM      YEAR
                                                  NORMAL
...................................................................
TEMPERATURE (F)
 YESTERDAY
  MAXIMUM         66   3:44 PM  79    1990  58      8       70
  MINIMUM         39   7:51 AM  18    1898  37      2       45
                                      1903
  AVERAGE         53                        47      6       58

PRECIPITATION (IN)
  YESTERDAY        0.09          2.85 1973   0.19  -0.10     1.18
  MONTH TO DATE    2.93                      4.42  -1.49     3.62
  SINCE SEP 1     15.30                     11.74   3.56    11.65
  SINCE JAN 1     67.47                     47.00  20.47    57.26

SNOWFALL (IN)
  YESTERDAY        0.0                       0.0    0.0      0.0
  MONTH TO DATE    0.0                       0.0    0.0       T
  SINCE SEP 1      0.0                       0.0    0.0       T
  SINCE JUL 1      0.0                       0.0    0.0       T
  SNOW DEPTH       0

DEGREE DAYS
 HEATING
  YESTERDAY       12                        18     -6        7
  MONTH TO DATE  243                       360   -117      424
  SINCE SEP 1    311                       532   -221      509
  SINCE JUL 1    311                       532   -221      509

 COOLING
  YESTERDAY        0                         0      0        0
  MONTH TO DATE   13                         0     13        0
  SINCE SEP 1    408                       287    121      623
  SINCE JAN 1   2107                      1737    370     2413
...................................................................


WIND (MPH)
  HIGHEST WIND SPEED    10   HIGHEST WIND DIRECTION    NW (330)
  HIGHEST GUST SPEED    13   HIGHEST GUST DIRECTION     W (290)
  AVERAGE WIND SPEED     1.0


SKY COVER
  POSSIBLE SUNSHINE  MM
  AVERAGE SKY COVER 0.5


WEATHER CONDITIONS
THE FOLLOWING WEATHER WAS RECORDED YESTERDAY.
  LIGHT RAIN
  FOG


RELATIVE HUMIDITY (PERCENT)
 HIGHEST    96           8:00 AM
 LOWEST     47           3:00 PM
 AVERAGE    72

..........................................................


THE CHATTANOOGA AIRPORT CLIMATE NORMALS FOR TODAY
                         NORMAL    RECORD    YEAR
 MAXIMUM TEMPERATURE (F)   57        76      2001
 MINIMUM TEMPERATURE (F)   37        19      1956


SUNRISE AND SUNSET
NOVEMBER 28 2020......SUNRISE   7:28 AM EST   SUNSET   5:29 PM EST
NOVEMBER 29 2020......SUNRISE   7:29 AM EST   SUNSET   5:29 PM EST


-  INDICATES NEGATIVE NUMBERS.
R  INDICATES RECORD WAS SET OR TIED.
MM INDICATES DATA IS MISSING.
T  INDICATES TRACE AMOUNT.




$$
