000
CDUS44 KMRX 130820
CLICHA

CLIMATE REPORT
NATIONAL WEATHER SERVICE MORRISTOWN, TN
420 AM EDT SUN JUN 13 2021

...................................

...THE CHATTANOOGA AIRPORT CLIMATE SUMMARY FOR JUNE 12 2021...

CLIMATE NORMAL PERIOD: 1991 TO 2020
CLIMATE RECORD PERIOD: 1879 TO 2021


WEATHER ITEM   OBSERVED TIME   RECORD YEAR NORMAL DEPARTURE LAST
                VALUE   (LST)  VALUE       VALUE  FROM      YEAR
                                                  NORMAL
...................................................................
TEMPERATURE (F)
 YESTERDAY
  MAXIMUM         94   2:48 PM 100    1902  87      7       87
  MINIMUM         71   9:58 PM  50    1913  67      4       65
  AVERAGE         83                        77      6       76

PRECIPITATION (IN)
  YESTERDAY        0.03          1.67 1927   0.13  -0.10     0.00
  MONTH TO DATE    3.45                      1.53   1.92     0.86
  SINCE JUN 1      3.45                      1.53   1.92     0.86
  SINCE JAN 1     28.00                     25.73   2.27    40.25

SNOWFALL (IN)
  YESTERDAY        0.0                       0.0    0.0      0.0
  MONTH TO DATE    0.0                       0.0    0.0      0.0
  SINCE JUN 1      0.0                       0.0    0.0      0.0
  SINCE JUL 1      T                         3.6   -3.6      3.0
  SNOW DEPTH       0

DEGREE DAYS
 HEATING
  YESTERDAY        0                         0      0        0
  MONTH TO DATE    0                         0      0        0
  SINCE JUN 1      0                         0      0        0
  SINCE JUL 1   2626                      3026   -400     2524

 COOLING
  YESTERDAY       18                        12      6       11
  MONTH TO DATE  147                       129     18      173
  SINCE JUN 1    147                       129     18      173
  SINCE JAN 1    357                       375    -18      384
...................................................................


WIND (MPH)
  HIGHEST WIND SPEED    36   HIGHEST WIND DIRECTION     N (20)
  HIGHEST GUST SPEED    51   HIGHEST GUST DIRECTION     N (10)
  AVERAGE WIND SPEED     5.6


SKY COVER
  POSSIBLE SUNSHINE  MM
  AVERAGE SKY COVER 0.5


WEATHER CONDITIONS
THE FOLLOWING WEATHER WAS RECORDED YESTERDAY.
  HEAVY RAIN
  HAZE


RELATIVE HUMIDITY (PERCENT)
 HIGHEST    88           4:00 AM
 LOWEST     44           6:00 PM
 AVERAGE    66

..........................................................


THE CHATTANOOGA AIRPORT CLIMATE NORMALS FOR TODAY
                         NORMAL    RECORD    YEAR
 MAXIMUM TEMPERATURE (F)   87        99      1953
 MINIMUM TEMPERATURE (F)   67        49      1903


SUNRISE AND SUNSET
JUNE 13 2021..........SUNRISE   6:26 AM EDT   SUNSET   8:56 PM EDT
JUNE 14 2021..........SUNRISE   6:26 AM EDT   SUNSET   8:56 PM EDT


-  INDICATES NEGATIVE NUMBERS.
R  INDICATES RECORD WAS SET OR TIED.
MM INDICATES DATA IS MISSING.
T  INDICATES TRACE AMOUNT.




$$
