000
CDUS41 KLWX 280523
CLICHO

CLIMATE REPORT
NATIONAL WEATHER SERVICE BALTIMORE MD/WASHINGTON DC
1223 AM EST SAT NOV 28 2020

...................................

...THE CHARLOTTESVILLE VA CLIMATE SUMMARY FOR NOVEMBER 27 2020...

CLIMATE NORMAL PERIOD: 1981 TO 2010
CLIMATE RECORD PERIOD: 1998 TO 2020


WEATHER ITEM   OBSERVED TIME   NORMAL DEPARTURE LAST
                VALUE   (LST)  VALUE  FROM      YEAR
                                      NORMAL
.......................................................
TEMPERATURE (F)
 YESTERDAY
  MAXIMUM         65   3:26 PM  53     12       61
  MINIMUM         46  11:43 PM  33     13       48
  AVERAGE         56            43     13       55

PRECIPITATION (IN)
  YESTERDAY        0.00          0.14  -0.14     0.06
  MONTH TO DATE    4.15          3.43   0.72     1.10
  SINCE SEP 1     11.84         11.02   0.82     9.05
  SINCE JAN 1     42.67         39.16   3.51    37.00

DEGREE DAYS
 HEATING
  YESTERDAY        9            22    -13       10
  MONTH TO DATE  269           474   -205      517
  SINCE SEP 1    470           820   -350      657
  SINCE JUL 1    470           823   -353      657

 COOLING
  YESTERDAY        0             0      0        0
  MONTH TO DATE    7             0      7        0
  SINCE SEP 1    196           124     72      386
  SINCE JAN 1   1627          1034    593     1843
.......................................................


WIND (MPH)
  HIGHEST WIND SPEED     8   HIGHEST WIND DIRECTION     E (70)
  HIGHEST GUST SPEED    10   HIGHEST GUST DIRECTION     E (80)
  AVERAGE WIND SPEED     1.5


SKY COVER
  AVERAGE SKY COVER 0.7


WEATHER CONDITIONS
THE FOLLOWING WEATHER WAS RECORDED YESTERDAY.
  NO SIGNIFICANT WEATHER WAS OBSERVED.


RELATIVE HUMIDITY (PERCENT)
 HIGHEST    83          11:00 PM
 LOWEST     52           2:00 PM
 AVERAGE    68

..........................................................


THE CHARLOTTESVILLE VA CLIMATE NORMALS FOR TODAY
                         NORMAL




SUNRISE AND SUNSET
NOVEMBER 28 2020......SUNRISE   7:09 AM EST   SUNSET   4:55 PM EST
NOVEMBER 29 2020......SUNRISE   7:10 AM EST   SUNSET   4:55 PM EST


-  INDICATES NEGATIVE NUMBERS.
R  INDICATES RECORD WAS SET OR TIED.
MM INDICATES DATA IS MISSING.
T  INDICATES TRACE AMOUNT.




$$
