265
CDUS41 KLWX 130524
CLICHO

CLIMATE REPORT
NATIONAL WEATHER SERVICE BALTIMORE MD/WASHINGTON DC
124 AM EDT SUN JUN 13 2021

...................................

...THE CHARLOTTESVILLE VA CLIMATE SUMMARY FOR JUNE 12 2021...

CLIMATE NORMAL PERIOD: 1991 TO 2020
CLIMATE RECORD PERIOD: 1998 TO 2021


WEATHER ITEM   OBSERVED TIME   NORMAL DEPARTURE LAST
                VALUE   (LST)  VALUE  FROM      YEAR
                                      NORMAL
.......................................................
TEMPERATURE (F)
 YESTERDAY
  MAXIMUM         77   5:32 PM  85     -8       87
  MINIMUM         66   5:16 AM  63      3       66
  AVERAGE         72            74     -2       77

PRECIPITATION (IN)
  YESTERDAY        0.00          0.15  -0.15     0.00
  MONTH TO DATE    2.48          1.75   0.73     1.36
  SINCE JUN 1      2.48          1.75   0.73     1.36
  SINCE JAN 1     15.32         17.94  -2.62    18.14

DEGREE DAYS
 HEATING
  YESTERDAY        0             0      0        0
  MONTH TO DATE    0             3     -3        3
  SINCE JUN 1      0             3     -3        3
  SINCE JUL 1   3519          3766   -247     3369

 COOLING
  YESTERDAY        7             9     -2       12
  MONTH TO DATE  142            92     50      146
  SINCE JUN 1    142            92     50      146
  SINCE JAN 1    293           260     33      276
.......................................................


WIND (MPH)
  HIGHEST WIND SPEED    12   HIGHEST WIND DIRECTION    NE (40)
  HIGHEST GUST SPEED    15   HIGHEST GUST DIRECTION    NE (40)
  AVERAGE WIND SPEED     5.5


SKY COVER
  AVERAGE SKY COVER 1.0


WEATHER CONDITIONS
THE FOLLOWING WEATHER WAS RECORDED YESTERDAY.
  NO SIGNIFICANT WEATHER WAS OBSERVED.


RELATIVE HUMIDITY (PERCENT)
 HIGHEST    87           3:00 AM
 LOWEST     66           2:00 PM
 AVERAGE    77

..........................................................


THE CHARLOTTESVILLE VA CLIMATE NORMALS FOR TODAY
                         NORMAL




SUNRISE AND SUNSET
JUNE 13 2021..........SUNRISE   5:50 AM EDT   SUNSET   8:38 PM EDT
JUNE 14 2021..........SUNRISE   5:50 AM EDT   SUNSET   8:38 PM EDT


-  INDICATES NEGATIVE NUMBERS.
R  INDICATES RECORD WAS SET OR TIED.
MM INDICATES DATA IS MISSING.
T  INDICATES TRACE AMOUNT.




$$
