287
CDUS42 KCHS 130610
CLICHS

CLIMATE REPORT
NATIONAL WEATHER SERVICE CHARLESTON SC
210 AM EDT SUN JUN 13 2021

...................................

...THE NORTH CHARLESTON SC CLIMATE SUMMARY FOR JUNE 12 2021...

CLIMATE NORMAL PERIOD 1991 TO 2020
CLIMATE RECORD PERIOD 1937 TO 2021


WEATHER ITEM   OBSERVED TIME   RECORD YEAR NORMAL DEPARTURE LAST
                VALUE   (LST)  VALUE       VALUE  FROM      YEAR
                                                  NORMAL
...................................................................
TEMPERATURE (F)
 YESTERDAY
  MAXIMUM         88    240 PM  97    2016  88      0       81
  MINIMUM         71   1052 PM  50    1972  70      1       72
  AVERAGE         80                        79      1       77

PRECIPITATION (IN)
  YESTERDAY        1.91          2.13 2012   0.20   1.71     1.00
  MONTH TO DATE    4.09                      2.35   1.74     2.70
  SINCE JUN 1      4.09                      2.35   1.74     2.70
  SINCE JAN 1     20.94                     18.73   2.21    24.80

DEGREE DAYS
 HEATING
  YESTERDAY        0                         0      0        0
  MONTH TO DATE    0                         0      0        0
  SINCE JUN 1      0                         0      0        0
  SINCE JUL 1   1687                      1846   -159     1498

 COOLING
  YESTERDAY       15                        14      1       12
  MONTH TO DATE  170                       155     15      159
  SINCE JUN 1    170                       155     15      159
  SINCE JAN 1    565                       562      3      643
...................................................................


WIND (MPH)
  HIGHEST WIND SPEED    23   HIGHEST WIND DIRECTION    NE (30)
  HIGHEST GUST SPEED    28   HIGHEST GUST DIRECTION    NE (30)
  AVERAGE WIND SPEED     8.0


SKY COVER
  POSSIBLE SUNSHINE  MM
  AVERAGE SKY COVER 0.7


WEATHER CONDITIONS
THE FOLLOWING WEATHER WAS RECORDED YESTERDAY.
  THUNDERSTORM
  HEAVY RAIN
  RAIN
  LIGHT RAIN
  FOG


RELATIVE HUMIDITY (PERCENT)
 HIGHEST    97           700 PM
 LOWEST     70           100 PM
 AVERAGE    84

..........................................................


THE NORTH CHARLESTON SC CLIMATE NORMALS FOR TODAY
                         NORMAL    RECORD    YEAR
 MAXIMUM TEMPERATURE (F)   88        99      2011
 MINIMUM TEMPERATURE (F)   70        57      1979
                                             1988


SUNRISE AND SUNSET
JUNE 13 2021..........SUNRISE   611 AM EDT   SUNSET   829 PM EDT
JUNE 14 2021..........SUNRISE   611 AM EDT   SUNSET   830 PM EDT


-  INDICATES NEGATIVE NUMBERS.
R  INDICATES RECORD WAS SET OR TIED.
MM INDICATES DATA IS MISSING.
T  INDICATES TRACE AMOUNT.




$$
