278
CDUS42 KCHS 280615
CLICHS

CLIMATE REPORT
NATIONAL WEATHER SERVICE CHARLESTON SC
115 AM EST SAT NOV 28 2020

...................................

...THE NORTH CHARLESTON SC CLIMATE SUMMARY FOR NOVEMBER 27 2020...

CLIMATE NORMAL PERIOD 1981 TO 2010
CLIMATE RECORD PERIOD 1938 TO 2020


WEATHER ITEM   OBSERVED TIME   RECORD YEAR NORMAL DEPARTURE LAST
                VALUE   (LST)  VALUE       VALUE  FROM      YEAR
                                                  NORMAL
...................................................................
TEMPERATURE (F)
 YESTERDAY
  MAXIMUM         75    413 PM  86    1973  67      8       76
  MINIMUM         54   1153 PM  26    1939  44     10       49
  AVERAGE         65                        56      9       63

PRECIPITATION (IN)
  YESTERDAY        0.00          1.46 1946   0.08  -0.08     0.00
  MONTH TO DATE    2.62                      2.18   0.44     3.43
  SINCE SEP 1     11.89                     12.03  -0.14    12.98
  SINCE JAN 1     51.71                     47.67   4.04    42.88

SNOWFALL (IN)
  YESTERDAY        0.0                       0.0    0.0
  SINCE SEP 1      0.0                       0.0    0.0
  SINCE JUL 1      0.0                       0.0    0.0

DEGREE DAYS
 HEATING
  YESTERDAY        0                        10    -10        2
  MONTH TO DATE   95                       191    -96      290
  SINCE SEP 1    102                       260   -158      300
  SINCE JUL 1    102                       260   -158      300

 COOLING
  YESTERDAY        0                         1     -1        0
  MONTH TO DATE   95                        32     63        6
  SINCE SEP 1    684                       491    193      675
  SINCE JAN 1   2674                      2296    378     2763
...................................................................


WIND (MPH)
  HIGHEST WIND SPEED    13   HIGHEST WIND DIRECTION     W (270)
  HIGHEST GUST SPEED    15   HIGHEST GUST DIRECTION     W (270)
  AVERAGE WIND SPEED     5.1


SKY COVER
  POSSIBLE SUNSHINE  MM
  AVERAGE SKY COVER 0.6


WEATHER CONDITIONS
THE FOLLOWING WEATHER WAS RECORDED YESTERDAY.
  NO SIGNIFICANT WEATHER WAS OBSERVED.


RELATIVE HUMIDITY (PERCENT)
 HIGHEST    97           600 AM
 LOWEST     41           300 PM
 AVERAGE    69

..........................................................


THE NORTH CHARLESTON SC CLIMATE NORMALS FOR TODAY
                         NORMAL    RECORD    YEAR
 MAXIMUM TEMPERATURE (F)   66        81      1990
 MINIMUM TEMPERATURE (F)   44        21      1938


SUNRISE AND SUNSET
NOVEMBER 28 2020......SUNRISE   703 AM EST   SUNSET   514 PM EST
NOVEMBER 29 2020......SUNRISE   703 AM EST   SUNSET   514 PM EST


-  INDICATES NEGATIVE NUMBERS.
R  INDICATES RECORD WAS SET OR TIED.
MM INDICATES DATA IS MISSING.
T  INDICATES TRACE AMOUNT.




$$
