000
CDUS43 KDVN 261017
CLICID

CLIMATE REPORT
NATIONAL WEATHER SERVICE QUAD CITIES IA IL
417 AM CST THU NOV 26 2020

...................................

...THE CEDAR RAPIDS IA CLIMATE SUMMARY FOR NOVEMBER 25 2020...

CLIMATE NORMAL PERIOD 1981 TO 2010
CLIMATE RECORD PERIOD 1891 TO 2020


WEATHER ITEM   OBSERVED TIME   RECORD YEAR NORMAL DEPARTURE LAST
                VALUE   (LST)  VALUE       VALUE  FROM      YEAR
                                                  NORMAL
...................................................................
TEMPERATURE (F)
 YESTERDAY
  MAXIMUM         42    500 AM  68    1896  41      1       54
  MINIMUM         37   1159 PM  -7    1977  23     14       29
  AVERAGE         40                        32      8       42

PRECIPITATION (IN)
  YESTERDAY        0.61          1.15 1992   0.06   0.55     0.00
  MONTH TO DATE    2.15                      1.77   0.38     0.84
  SINCE SEP 1     10.29                      7.55   2.74    10.69
  SINCE JAN 1     29.87                     32.85  -2.98    38.54

DEGREE DAYS
 HEATING
  YESTERDAY       25                        33     -8       23
  MONTH TO DATE  548                       662   -114      842
  SINCE SEP 1   1277                      1253     24     1460
  SINCE JUL 1   1283                      1272     11     1468

 COOLING
  YESTERDAY        0                         0      0        0
  MONTH TO DATE    0                         0      0        0
  SINCE SEP 1     46                        80    -34      151
  SINCE JAN 1    792                       748     44      803
...................................................................


WIND (MPH)
  HIGHEST WIND SPEED    21   HIGHEST WIND DIRECTION    NE (30)
  HIGHEST GUST SPEED    27   HIGHEST GUST DIRECTION    NE (40)
  AVERAGE WIND SPEED     9.4


SKY COVER
  POSSIBLE SUNSHINE  MM
  AVERAGE SKY COVER 1.0


WEATHER CONDITIONS
THE FOLLOWING WEATHER WAS RECORDED YESTERDAY.
  RAIN
  LIGHT RAIN
  FOG
  FOG W/VISIBILITY <= 1/4 MILE


RELATIVE HUMIDITY (PERCENT)
 HIGHEST   100          1200 AM
 LOWEST     93           500 PM
 AVERAGE    97

..........................................................


THE CEDAR RAPIDS IA CLIMATE NORMALS FOR TODAY
                         NORMAL    RECORD    YEAR
 MAXIMUM TEMPERATURE (F)   40        68      1990
 MINIMUM TEMPERATURE (F)   22       -11      1977


SUNRISE AND SUNSET
NOVEMBER 26 2020......SUNRISE   710 AM CST   SUNSET   438 PM CST
NOVEMBER 27 2020......SUNRISE   711 AM CST   SUNSET   438 PM CST


-  INDICATES NEGATIVE NUMBERS.
R  INDICATES RECORD WAS SET OR TIED.
MM INDICATES DATA IS MISSING.
T  INDICATES TRACE AMOUNT.




$$
