000
CDUS41 KRLX 040821
CLICKB

CLIMATE REPORT
NATIONAL WEATHER SERVICE CHARLESTON WV
321 AM EST FRI DEC 04 2020

...................................

...THE CLARKSBURG WV CLIMATE SUMMARY FOR DECEMBER 3 2020...

CLIMATE NORMAL PERIOD: 1981 TO 2010
CLIMATE RECORD PERIOD: 1922 TO 2020


WEATHER ITEM   OBSERVED TIME   RECORD YEAR NORMAL DEPARTURE LAST
                VALUE   (LST)  VALUE       VALUE  FROM      YEAR
                                                  NORMAL
...................................................................
TEMPERATURE (F)
 YESTERDAY
  MAXIMUM         41   7:53 PM  73    1982  47     -6       36
  MINIMUM         24   5:49 AM   4    1976  29     -5       34
  AVERAGE         33                        38     -5       35

PRECIPITATION (IN)
  YESTERDAY        0.00          1.48 1991   0.12  -0.12      T
  MONTH TO DATE    0.11                      0.33  -0.22     0.32
  SINCE DEC 1      0.11                      0.33  -0.22     0.32
  SINCE JAN 1     44.32                     43.05   1.27    37.16

DEGREE DAYS
 HEATING
  YESTERDAY       32                        27      5       30
  MONTH TO DATE  100                        80     20       71
  SINCE DEC 1    100                        80     20       71
  SINCE JUL 1    989                      1172   -183      950

 COOLING
  YESTERDAY        0                         0      0        0
  MONTH TO DATE    0                         0      0        0
  SINCE DEC 1      0                         0      0        0
  SINCE JAN 1   1205                       744    461     1331
...................................................................


WIND (MPH)
  HIGHEST WIND SPEED     9   HIGHEST WIND DIRECTION     S (200)
  HIGHEST GUST SPEED    11   HIGHEST GUST DIRECTION     S (190)
  AVERAGE WIND SPEED     2.6


SKY COVER
  AVERAGE SKY COVER 0.3


WEATHER CONDITIONS
THE FOLLOWING WEATHER WAS RECORDED YESTERDAY.
  NO SIGNIFICANT WEATHER WAS OBSERVED.


RELATIVE HUMIDITY (PERCENT)
 HIGHEST    85
 LOWEST     38
 AVERAGE    62

..........................................................


THE CLARKSBURG WV CLIMATE NORMALS FOR TODAY
                         NORMAL    RECORD    YEAR
 MAXIMUM TEMPERATURE (F)   47        74      1982
 MINIMUM TEMPERATURE (F)   29         4      1976


SUNRISE AND SUNSET
DECEMBER  4 2020......SUNRISE   7:25 AM EST   SUNSET   4:58 PM EST
DECEMBER  5 2020......SUNRISE   7:26 AM EST   SUNSET   4:58 PM EST


-  INDICATES NEGATIVE NUMBERS.
R  INDICATES RECORD WAS SET OR TIED.
MM INDICATES DATA IS MISSING.
T  INDICATES TRACE AMOUNT.




$$
