285
CDUS44 KHGX 282218
CLICLL


CLIMATE REPORT
NATIONAL WEATHER SERVICE HOUSTON/GALVESTON TX
418 PM CST SAT NOV 28 2020


...................................

...THE COLLEGE STATION CLIMATE SUMMARY FOR NOVEMBER 28 2020...
VALID TODAY AS OF 0400 PM LOCAL TIME.

CLIMATE NORMAL PERIOD 1981 TO 2010
CLIMATE RECORD PERIOD 1902 TO 2020


WEATHER ITEM   OBSERVED TIME   RECORD YEAR NORMAL DEPARTURE LAST
                VALUE   (LST)  VALUE       VALUE  FROM      YEAR
                                                  NORMAL
..................................................................
TEMPERATURE (F)
 TODAY
  MAXIMUM         62    414 AM  85    1949  67     -5       63
                                      1927
  MINIMUM         59    259 PM  25    1976  46     13       53
  AVERAGE         61                        56      5       58

PRECIPITATION (IN)
  TODAY            0.10          1.68 1952   0.11  -0.01     0.03
  MONTH TO DATE    0.74                      3.00  -2.26     1.20
  SINCE SEP 1      5.01                     11.09  -6.08     6.80
  SINCE JAN 1     25.86                     36.61 -10.75    35.66

SNOWFALL (IN)
  TODAY            0.0
  MONTH TO DATE    0.0
  SINCE JUL 1      0.0

DEGREE DAYS
 HEATING
  TODAY            4                        10     -6        7
  MONTH TO DATE   44                       167   -123      234
  SINCE SEP 1    111                       204    -93      297
  SINCE JUL 1    111                       204    -93      297

 COOLING
  TODAY            0                         1     -1        0
  MONTH TO DATE  100                        58     42       47
  SINCE SEP 1    745                       724     21      914
  SINCE JAN 1   3374                      3070    304     3387
..................................................................


WIND (MPH)
  HIGHEST WIND SPEED    17   HIGHEST WIND DIRECTION    NE (50)
  HIGHEST GUST SPEED    23   HIGHEST GUST DIRECTION    NE (50)
  AVERAGE WIND SPEED    10.1


SKY COVER
  AVERAGE SKY COVER 1.0


WEATHER CONDITIONS
 THE FOLLOWING WEATHER WAS RECORDED TODAY.
  LIGHT RAIN
  FOG


RELATIVE HUMIDITY (PERCENT)
 HIGHEST   100          1200 AM
 LOWEST     87          1200 PM
 AVERAGE    94

..........................................................


THE COLLEGE STATION CLIMATE NORMALS FOR TOMORROW
                         NORMAL    RECORD    YEAR
 MAXIMUM TEMPERATURE (F)   66        84      1933
 MINIMUM TEMPERATURE (F)   46        19      1976


SUNRISE AND SUNSET
NOVEMBER 28 2020......SUNRISE   703 AM CST   SUNSET   524 PM CST
NOVEMBER 29 2020......SUNRISE   704 AM CST   SUNSET   524 PM CST


-  INDICATES NEGATIVE NUMBERS.
R  INDICATES RECORD WAS SET OR TIED.
MM INDICATES DATA IS MISSING.
T  INDICATES TRACE AMOUNT.




$$
