000
CDUS42 KGSP 040734
CLICLT

CLIMATE REPORT
NATIONAL WEATHER SERVICE GREENVILLE-SPARTANBURG SC
234 AM EST FRI DEC 04 2020

...................................

...THE CHARLOTTE NC CLIMATE SUMMARY FOR DECEMBER 3 2020...

CLIMATE NORMAL PERIOD 1981 TO 2010
CLIMATE RECORD PERIOD 1878 TO 2020


WEATHER ITEM   OBSERVED TIME   RECORD YEAR NORMAL DEPARTURE LAST
                VALUE   (LST)  VALUE       VALUE  FROM      YEAR
                                                  NORMAL
...................................................................
TEMPERATURE (F)
 YESTERDAY
  MAXIMUM         58    256 PM  75    1998  56      2       51
  MINIMUM         24    717 AM  20    1886  34    -10       30
                                      1910
                                      1960
  AVERAGE         41                        45     -4       41

PRECIPITATION (IN)
  YESTERDAY        0.00          2.96 1931   0.12  -0.12     0.00
  MONTH TO DATE    T                         0.34  -0.34     0.60
  SINCE DEC 1      T                         0.34  -0.34     0.60
  SINCE JAN 1     55.82                     38.72  17.10    49.31

SNOWFALL (IN)
  YESTERDAY        0.0           7.5  1971   0.0    0.0      0.0
  MONTH TO DATE    0.0                       0.0    0.0      0.0
  SINCE DEC 1      0.0                       0.0    0.0      0.0
  SINCE JUL 1      0.0                       0.1   -0.1       T
  SNOW DEPTH       0

DEGREE DAYS
 HEATING
  YESTERDAY       24                        20      4       24
  MONTH TO DATE   77                        58     19       50
  SINCE DEC 1     77                        58     19       50
  SINCE JUL 1    448                       694   -246      590

 COOLING
  YESTERDAY        0                         0      0        0
  MONTH TO DATE    0                         0      0        0
  SINCE DEC 1      0                         0      0        0
  SINCE JAN 1   1886                      1517    369     2254
...................................................................


WIND (MPH)
  HIGHEST WIND SPEED    13   HIGHEST WIND DIRECTION    SW (230)
  HIGHEST GUST SPEED    17   HIGHEST GUST DIRECTION     W (280)
  AVERAGE WIND SPEED     3.9


SKY COVER
  POSSIBLE SUNSHINE  MM
  AVERAGE SKY COVER 0.5


WEATHER CONDITIONS
THE FOLLOWING WEATHER WAS RECORDED YESTERDAY.
  NO SIGNIFICANT WEATHER WAS OBSERVED.


RELATIVE HUMIDITY (PERCENT)
 HIGHEST    96           400 AM
 LOWEST     29           300 PM
 AVERAGE    63

..........................................................


THE CHARLOTTE NC CLIMATE NORMALS FOR TODAY
                         NORMAL    RECORD    YEAR
 MAXIMUM TEMPERATURE (F)   56        76      1956
 MINIMUM TEMPERATURE (F)   34        18      1886
                                             1896
                                             2000


SUNRISE AND SUNSET
DECEMBER  4 2020......SUNRISE   717 AM EST   SUNSET   511 PM EST
DECEMBER  5 2020......SUNRISE   718 AM EST   SUNSET   511 PM EST


-  INDICATES NEGATIVE NUMBERS.
R  INDICATES RECORD WAS SET OR TIED.
MM INDICATES DATA IS MISSING.
T  INDICATES TRACE AMOUNT.




$$
