000
CDUS46 KLOX 260917
CLICMA


CLIMATE REPORT
NATIONAL WEATHER SERVICE LOS ANGELES/OXNARD CA
116 AM PST THU NOV 26 2020


...................................

...THE CAMARILLO AIRPORT CA CLIMATE SUMMARY FOR NOVEMBER 25 2020...

CLIMATE NORMAL PERIOD 1981 TO 2010
CLIMATE RECORD PERIOD 1923 TO 2020


WEATHER ITEM   OBSERVED TIME   RECORD YEAR NORMAL DEPARTURE LAST
                VALUE   (LST)  VALUE       VALUE  FROM      YEAR
                                                  NORMAL
..................................................................
TEMPERATURE (F)
 YESTERDAY
  MAXIMUM         67    118 PM  90    1953  69     -2       68
  MINIMUM         41    526 AM  34    1938  44     -3       41
  AVERAGE         54                        56     -2       55

PRECIPITATION (IN)
  YESTERDAY        0.00          1.48 1961   0.03  -0.03     0.00
  MONTH TO DATE    0.08                      1.17  -1.09     0.29
  SINCE OCT 1      0.08                      1.80  -1.72     0.29
  SINCE JAN 1      5.24                     13.02  -7.78    14.35

SNOWFALL (IN)
  YESTERDAY        0.0
  MONTH TO DATE    0.0
  SINCE SEP 1      0.0
  SINCE JUL 1      0.0

DEGREE DAYS
 HEATING
  YESTERDAY       11                         9      2       10
  MONTH TO DATE  147                       164    -17       87
  SINCE SEP 1    156                       272   -116      132
  SINCE JUL 1    157                       287   -130      132

 COOLING
  YESTERDAY        0                         0      0        0
  MONTH TO DATE   21                        13      8       26
  SINCE SEP 1    385                       117    268      282
  SINCE JAN 1    995                       329    666      653
..................................................................


WIND (MPH)
  HIGHEST WIND SPEED    14   HIGHEST WIND DIRECTION    SW (240)
  HIGHEST GUST SPEED    18   HIGHEST GUST DIRECTION    SW (230)
  AVERAGE WIND SPEED     4.2


SKY COVER
  POSSIBLE SUNSHINE  MM
  AVERAGE SKY COVER 0.0


WEATHER CONDITIONS
 THE FOLLOWING WEATHER WAS RECORDED YESTERDAY.
  FOG
  HAZE


RELATIVE HUMIDITY (PERCENT)
 HIGHEST    82           100 AM
 LOWEST     51           900 AM
 AVERAGE    67

..........................................................


THE CAMARILLO AIRPORT CA CLIMATE NORMALS FOR TODAY
                         NORMAL    RECORD    YEAR
 MAXIMUM TEMPERATURE (F)   69        91      1977
 MINIMUM TEMPERATURE (F)   44        34      1929


SUNRISE AND SUNSET
NOVEMBER 26 2020......SUNRISE   640 AM PST   SUNSET   447 PM PST
NOVEMBER 27 2020......SUNRISE   641 AM PST   SUNSET   447 PM PST


-  INDICATES NEGATIVE NUMBERS.
R  INDICATES RECORD WAS SET OR TIED.
MM INDICATES DATA IS MISSING.
T  INDICATES TRACE AMOUNT.




$$
