326
CDUS41 KILN 290543
CLICMH

CLIMATE REPORT
NATIONAL WEATHER SERVICE WILMINGTON OH
1243 AM EST SUN NOV 29 2020

...................................

...THE COLUMBUS OH CLIMATE SUMMARY FOR NOVEMBER 28 2020...

CLIMATE NORMAL PERIOD: 1981 TO 2010
CLIMATE RECORD PERIOD: 1869 TO 2020


WEATHER ITEM   OBSERVED TIME   RECORD YEAR NORMAL DEPARTURE LAST
                VALUE   (LST)  VALUE       VALUE  FROM      YEAR
                                                  NORMAL
...................................................................
TEMPERATURE (F)
 YESTERDAY
  MAXIMUM         47   3:59 PM  71    2005  47      0       39
  MINIMUM         33   7:37 AM   7    1930  32      1       35
  AVERAGE         40                        39      1       37

PRECIPITATION (IN)
  YESTERDAY        0.00          1.22 1968   0.10  -0.10      T
  MONTH TO DATE    2.46                      2.99  -0.53     1.46
  SINCE SEP 1     10.95                      8.44   2.51     6.36
  SINCE JAN 1     47.32                     36.13  11.19    41.16

SNOWFALL (IN)
  YESTERDAY        0.0           6.2  1958   0.1   -0.1      0.0
  MONTH TO DATE    T                         0.8   -0.8      2.8
  SINCE SEP 1      T                         1.0   -1.0      2.8
  SINCE JUL 1      T                         1.0   -1.0      2.8
  SNOW DEPTH       0

DEGREE DAYS
 HEATING
  YESTERDAY       25                        26     -1       28
  MONTH TO DATE  470                       568    -98      727
  SINCE SEP 1    864                       962    -98      971
  SINCE JUL 1    864                       962    -98      971

 COOLING
  YESTERDAY        0                         0      0        0
  MONTH TO DATE    2                         0      2        0
  SINCE SEP 1    128                       135     -7      287
  SINCE JAN 1   1226                      1024    202     1332
...................................................................


WIND (MPH)
  RESULTANT WIND SPEED   2   RESULTANT WIND DIRECTION   W (270)
  HIGHEST WIND SPEED    13   HIGHEST WIND DIRECTION    NW (330)
  HIGHEST GUST SPEED    17   HIGHEST GUST DIRECTION    NW (330)
  AVERAGE WIND SPEED     5.5


SKY COVER
  POSSIBLE SUNSHINE  MM
  AVERAGE SKY COVER 0.2


WEATHER CONDITIONS
THE FOLLOWING WEATHER WAS RECORDED YESTERDAY.
  FOG
  HAZE


RELATIVE HUMIDITY (PERCENT)
 HIGHEST    89           2:00 AM
 LOWEST     48           3:00 PM
 AVERAGE    69

..........................................................


THE COLUMBUS OH CLIMATE NORMALS FOR TODAY
                         NORMAL    RECORD    YEAR
 MAXIMUM TEMPERATURE (F)   46        70      1927
 MINIMUM TEMPERATURE (F)   32         3      1887


SUNRISE AND SUNSET
NOVEMBER 29 2020......SUNRISE   7:33 AM EST   SUNSET   5:07 PM EST
NOVEMBER 30 2020......SUNRISE   7:34 AM EST   SUNSET   5:07 PM EST


-  INDICATES NEGATIVE NUMBERS.
R  INDICATES RECORD WAS SET OR TIED.
MM INDICATES DATA IS MISSING.
T  INDICATES TRACE AMOUNT.




$$
