348
CDUS43 KILX 282228
CLICMI

CLIMATE REPORT
NATIONAL WEATHER SERVICE LINCOLN IL
428 PM CST SAT NOV 28 2020

...................................

...THE CHAMPAIGN IL AIRPORT CLIMATE SUMMARY FOR NOVEMBER 28 2020...
VALID TODAY AS OF 0400 PM LOCAL TIME.

CLIMATE NORMAL PERIOD 1981 TO 2010
CLIMATE RECORD PERIOD 9999 TO 9999


WEATHER ITEM   OBSERVED TIME   RECORD YEAR NORMAL DEPARTURE LAST
                VALUE   (LST)  VALUE       VALUE  FROM      YEAR
                                                  NORMAL
...................................................................
TEMPERATURE (F)
 TODAY
  MAXIMUM         48    259 PM  MM      MM  44      4       36
  MINIMUM         24    704 AM  MM      MM  27     -3       32
  AVERAGE         36                        35      1       34

PRECIPITATION (IN)
  TODAY            0.00         MM      MM   0.12  -0.12      T
  MONTH TO DATE    2.29                      3.27  -0.98     0.68
  SINCE SEP 1      6.91                      9.69  -2.78     6.14
  SINCE JAN 1     34.86                     36.97  -2.11    32.67

DEGREE DAYS
 HEATING
  TODAY           29                        30     -1       31
  MONTH TO DATE  495                       643   -148      823
  SINCE SEP 1    959                      1095   -136     1194
  SINCE JUL 1    961                      1104   -143     1194

 COOLING
  TODAY            0                         0      0        0
  MONTH TO DATE    1                         0      1        0
  SINCE SEP 1    115                       117     -2      229
  SINCE JAN 1   1060                       944    116     1168
...................................................................


WIND (MPH)
  HIGHEST WIND SPEED    15   HIGHEST WIND DIRECTION     S (190)
  HIGHEST GUST SPEED    19   HIGHEST GUST DIRECTION     S (190)
  AVERAGE WIND SPEED     6.1


SKY COVER
  POSSIBLE SUNSHINE  MM
  AVERAGE SKY COVER 0.0


WEATHER CONDITIONS
THE FOLLOWING WEATHER WAS RECORDED TODAY.
  FOG


RELATIVE HUMIDITY (PERCENT)
 HIGHEST    92           200 AM
 LOWEST     55          1100 AM
 AVERAGE    74

..........................................................


THE CHAMPAIGN IL AIRPORT CLIMATE NORMALS FOR TOMORROW
                         NORMAL    RECORD    YEAR
 MAXIMUM TEMPERATURE (F)   43        MM        MM
 MINIMUM TEMPERATURE (F)   27        MM        MM


SUNRISE AND SUNSET
NOVEMBER 28 2020......SUNRISE   653 AM CST   SUNSET   429 PM CST
NOVEMBER 29 2020......SUNRISE   654 AM CST   SUNSET   429 PM CST


-  INDICATES NEGATIVE NUMBERS.
R  INDICATES RECORD WAS SET OR TIED.
MM INDICATES DATA IS MISSING.
T  INDICATES TRACE AMOUNT.




$$
