000
CDUS43 KTOP 040624
CLICNK

CLIMATE REPORT
NATIONAL WEATHER SERVICE TOPEKA KS
1224 AM CST FRI DEC 04 2020

...................................

...THE CONCORDIA KS CLIMATE SUMMARY FOR DECEMBER 3 2020...

CLIMATE NORMAL PERIOD 1981 TO 2010
CLIMATE RECORD PERIOD 1885 TO 2020


WEATHER ITEM   OBSERVED TIME   RECORD YEAR NORMAL DEPARTURE LAST
                VALUE   (LST)  VALUE       VALUE  FROM      YEAR
                                                  NORMAL
...................................................................
TEMPERATURE (F)
 YESTERDAY
  MAXIMUM         46    403 PM  68    2017  43      3       62
  MINIMUM         24    800 AM  -4    1919  23      1       31
  AVERAGE         35                        33      2       47

PRECIPITATION (IN)
  YESTERDAY        0.00          1.27 2011   0.03  -0.03     0.00
  MONTH TO DATE    0.00                      0.10  -0.10     0.00
  SINCE DEC 1      0.00                      0.10  -0.10     0.00
  SINCE JAN 1     25.40                     27.14  -1.74    32.82

SNOWFALL (IN)
  YESTERDAY        0.0           3.6  1971   0.1   -0.1      0.0
  MONTH TO DATE    0.0                       0.3   -0.3      0.0
  SINCE JAN 1      6.4                      16.7  -10.3     34.8
  SINCE JUL 1      1.2                       3.0   -1.8      2.5
  SNOW DEPTH       0

DEGREE DAYS
 HEATING
  YESTERDAY       30                        32     -2       18
  MONTH TO DATE   91                        95     -4       80
  SINCE DEC 1     91                        95     -4       80
  SINCE JUL 1    986                      1187   -201     1183

 COOLING
  YESTERDAY        0                         0      0        0
  MONTH TO DATE    0                         0      0        0
  SINCE DEC 1      0                         0      0        0
  SINCE JAN 1   1719                      1349    370     1657
...................................................................


WIND (MPH)
  HIGHEST WIND SPEED    15   HIGHEST WIND DIRECTION     N (360)
  HIGHEST GUST SPEED    25   HIGHEST GUST DIRECTION     N (350)
  AVERAGE WIND SPEED     8.1


SKY COVER
  AVERAGE SKY COVER 0.1


WEATHER CONDITIONS
THE FOLLOWING WEATHER WAS RECORDED YESTERDAY.
  NO SIGNIFICANT WEATHER WAS OBSERVED.


RELATIVE HUMIDITY (PERCENT)
 HIGHEST    91           800 AM
 LOWEST     45           400 PM
 AVERAGE    68

..........................................................


THE CONCORDIA KS CLIMATE NORMALS FOR TODAY
                         NORMAL    RECORD    YEAR
 MAXIMUM TEMPERATURE (F)   42        69      1916
                                             1965
                                             1979
 MINIMUM TEMPERATURE (F)   23        -2      1886


SUNRISE AND SUNSET
DECEMBER  4 2020......SUNRISE   735 AM CST   SUNSET   507 PM CST
DECEMBER  5 2020......SUNRISE   736 AM CST   SUNSET   507 PM CST


-  INDICATES NEGATIVE NUMBERS.
R  INDICATES RECORD WAS SET OR TIED.
MM INDICATES DATA IS MISSING.
T  INDICATES TRACE AMOUNT.




$$
