237
CDUS41 KGYX 290904
CLICON


CLIMATE REPORT
NATIONAL WEATHER SERVICE GRAY ME
404 AM EST SUN NOV 29 2020


...................................

...THE CONCORD NH CLIMATE SUMMARY FOR NOVEMBER 28 2020...

CLIMATE NORMAL PERIOD 1981 TO 2010
CLIMATE RECORD PERIOD 1868 TO 2020


WEATHER ITEM   OBSERVED TIME   RECORD YEAR NORMAL DEPARTURE LAST
                VALUE   (LST)  VALUE       VALUE  FROM      YEAR
                                                  NORMAL
..................................................................
TEMPERATURE (F)
 YESTERDAY
  MAXIMUM         51    213 PM  71    1990  43      8       42
  MINIMUM         27   1153 PM  -5    1873  24      3       31
  AVERAGE         39                        34      5       37

PRECIPITATION (IN)
  YESTERDAY        T             2.04 1937   0.12  -0.12     0.21
  MONTH TO DATE    2.71                      3.49  -0.78     3.51
  SINCE SEP 1      7.88                     10.91  -3.03     9.81
  SINCE JAN 1     26.63                     37.18 -10.55    39.75

SNOWFALL (IN)
  YESTERDAY       MM             4.0  1985   0.2   MM        0.0
  MONTH TO DATE    T                         2.2   -2.2      0.3
  SINCE SEP 1      0.8                       2.2   -1.4      0.3
  SINCE JUL 1      0.8                       2.2   -1.4      0.3
  SNOW DEPTH       0

DEGREE DAYS
 HEATING
  YESTERDAY       26                        31     -5       28
  MONTH TO DATE  657                       737    -80      850
  SINCE SEP 1   1288                      1448   -160     1481
  SINCE JUL 1   1317                      1496   -179     1501

 COOLING
  YESTERDAY        0                         0      0        0
  MONTH TO DATE    0                         0      0        0
  SINCE SEP 1     50                        39     11       28
  SINCE JAN 1    726                       452    274      492
..................................................................


WIND (MPH)
  RESULTANT WIND SPEED   2   RESULTANT WIND DIRECTION   W (270)
  HIGHEST WIND SPEED    22   HIGHEST WIND DIRECTION    NW (320)
  HIGHEST GUST SPEED    33   HIGHEST GUST DIRECTION     W (260)
  AVERAGE WIND SPEED     3.1


SKY COVER
  AVERAGE SKY COVER 0.7


WEATHER CONDITIONS
 THE FOLLOWING WEATHER WAS RECORDED YESTERDAY.
  LIGHT RAIN


RELATIVE HUMIDITY (PERCENT)
 HIGHEST    92           100 AM
 LOWEST     56           200 PM
 AVERAGE    74

..........................................................


THE CONCORD NH CLIMATE NORMALS FOR TODAY
                         NORMAL    RECORD    YEAR
 MAXIMUM TEMPERATURE (F)   43        67      1990
 MINIMUM TEMPERATURE (F)   24        -9      1873


SUNRISE AND SUNSET
NOVEMBER 29 2020......SUNRISE   656 AM EST   SUNSET   412 PM EST
NOVEMBER 30 2020......SUNRISE   658 AM EST   SUNSET   412 PM EST


-  INDICATES NEGATIVE NUMBERS.
R  INDICATES RECORD WAS SET OR TIED.
MM INDICATES DATA IS MISSING.
T  INDICATES TRACE AMOUNT.




$$
