000
CDUS45 KPUB 291050
CLICOS

CLIMATE REPORT
NATIONAL WEATHER SERVICE
350 AM MST SUN NOV 29 2020

...................................

...THE COLORADO SPRINGS CO CLIMATE SUMMARY FOR NOVEMBER 28 2020...

CLIMATE NORMAL PERIOD 1981 TO 2010
CLIMATE RECORD PERIOD 1872 TO 2020


WEATHER ITEM   OBSERVED TIME   RECORD YEAR NORMAL DEPARTURE LAST
                VALUE   (LST)  VALUE       VALUE  FROM      YEAR
                                                  NORMAL
...................................................................
TEMPERATURE (F)
 YESTERDAY
  MAXIMUM         53   1059 AM  73    1998  45      8       33
  MINIMUM         14    424 AM -10    1896  21     -7       18
  AVERAGE         34                        33      1       26

PRECIPITATION (IN)
  YESTERDAY        0.00          0.82 1928   0.02  -0.02     0.00
  MONTH TO DATE    0.01                      0.38  -0.37     0.84
  SINCE JAN 1      9.37                     16.18  -6.81    11.37

SNOWFALL (IN)
  YESTERDAY        0.0           4.0  1934   0.2   -0.2      0.0
  MONTH TO DATE    0.2                       4.3   -4.1      8.3
  SINCE JUL 1      6.0                       7.4   -1.4     20.9
  SNOW DEPTH       0

DEGREE DAYS
 HEATING
  YESTERDAY       31                        32     -1       39
  MONTH TO DATE  587                       741   -154      755
  SINCE JUL 1   1165                      1415   -250     1449

 COOLING
  YESTERDAY        0                         0      0        0
  MONTH TO DATE    0                         0      0        0
  SINCE JAN 1    904                       455    449      721
...................................................................


WIND (MPH)
  HIGHEST WIND SPEED    16   HIGHEST WIND DIRECTION     N (350)
  HIGHEST GUST SPEED    20   HIGHEST GUST DIRECTION     N (350)
  AVERAGE WIND SPEED     6.5


SKY COVER
  POSSIBLE SUNSHINE  MM
  AVERAGE SKY COVER 0.1


WEATHER CONDITIONS
THE FOLLOWING WEATHER WAS RECORDED YESTERDAY.
  NO SIGNIFICANT WEATHER WAS OBSERVED.


RELATIVE HUMIDITY (PERCENT)
 HIGHEST    77          1200 AM
 LOWEST     12           300 PM
 AVERAGE    45

..........................................................


THE COLORADO SPRINGS CO CLIMATE NORMALS FOR TODAY
                         NORMAL    RECORD    YEAR
 MAXIMUM TEMPERATURE (F)   45        71      1973
 MINIMUM TEMPERATURE (F)   20        -5      1896


SUNRISE AND SUNSET
NOVEMBER 29 2020......SUNRISE   657 AM MST   SUNSET   438 PM MST
NOVEMBER 30 2020......SUNRISE   658 AM MST   SUNSET   438 PM MST


-  INDICATES NEGATIVE NUMBERS.
R  INDICATES RECORD WAS SET OR TIED.
MM INDICATES DATA IS MISSING.
T  INDICATES TRACE AMOUNT.




$$
