000
CDUS43 KLSX 280826
CLICOU

CLIMATE REPORT
NATIONAL WEATHER SERVICE ST LOUIS MO
226 AM CST SAT NOV 28 2020

...................................

...THE COLUMBIA ASOS CLIMATE SUMMARY FOR NOVEMBER 27 2020...

CLIMATE NORMAL PERIOD 1981 TO 2010
CLIMATE RECORD PERIOD 1890 TO 2020


WEATHER ITEM   OBSERVED TIME   RECORD YEAR NORMAL DEPARTURE LAST
                VALUE   (LST)  VALUE       VALUE  FROM      YEAR
                                                  NORMAL
...................................................................
TEMPERATURE (F)
 YESTERDAY
  MAXIMUM         53    312 PM  74    1960  48      5       56
  MINIMUM         37    415 AM  11    1955  30      7       30
  AVERAGE         45                        39      6       43

PRECIPITATION (IN)
  YESTERDAY        0.00          1.94 1990   0.11  -0.11     0.00
  MONTH TO DATE    2.75                      2.93  -0.18     0.44
  SINCE SEP 1      9.28                     10.11  -0.83     8.56
  SINCE JAN 1     42.73                     39.86   2.87    41.78

SNOWFALL (IN)
  YESTERDAY        0.0           3.5  1980   0.0    0.0      0.0
  MONTH TO DATE    T                         0.7   -0.7      1.1
  SINCE SEP 1      0.4                       0.7   -0.3      1.5
  SINCE JUL 1      0.4                       0.7   -0.3      1.5
  SNOW DEPTH       0

DEGREE DAYS
 HEATING
  YESTERDAY       20                        26     -6       22
  MONTH TO DATE  377                       538   -161      626
  SINCE SEP 1    767                       901   -134     1004
  SINCE JUL 1    767                       903   -136     1004

 COOLING
  YESTERDAY        0                         0      0        0
  MONTH TO DATE    5                         0      5        0
  SINCE SEP 1    183                       164     19      360
  SINCE JAN 1   1409                      1247    162     1590
...................................................................


WIND (MPH)
  HIGHEST WIND SPEED    18   HIGHEST WIND DIRECTION     N (340)
  HIGHEST GUST SPEED    23   HIGHEST GUST DIRECTION     N (340)
  AVERAGE WIND SPEED     8.1


SKY COVER
  AVERAGE SKY COVER 0.3


WEATHER CONDITIONS
THE FOLLOWING WEATHER WAS RECORDED YESTERDAY.
  NO SIGNIFICANT WEATHER WAS OBSERVED.


RELATIVE HUMIDITY (PERCENT)
 HIGHEST    89           400 AM
 LOWEST     43           300 PM
 AVERAGE    66

..........................................................


THE COLUMBIA ASOS CLIMATE NORMALS FOR TODAY
                         NORMAL    RECORD    YEAR
 MAXIMUM TEMPERATURE (F)   47        74      1905
 MINIMUM TEMPERATURE (F)   29         7      1896


SUNRISE AND SUNSET
NOVEMBER 28 2020......SUNRISE   706 AM CST   SUNSET   448 PM CST
NOVEMBER 29 2020......SUNRISE   707 AM CST   SUNSET   448 PM CST


-  INDICATES NEGATIVE NUMBERS.
R  INDICATES RECORD WAS SET OR TIED.
MM INDICATES DATA IS MISSING.
T  INDICATES TRACE AMOUNT.




$$
