000
CDUS43 KLSX 130734
CLICOU

CLIMATE REPORT
NATIONAL WEATHER SERVICE ST LOUIS MO
234 AM CDT SUN JUN 13 2021

...................................

...THE COLUMBIA ASOS CLIMATE SUMMARY FOR JUNE 12 2021...

CLIMATE NORMAL PERIOD 1991 TO 2020
CLIMATE RECORD PERIOD 1890 TO 2021


WEATHER ITEM   OBSERVED TIME   RECORD YEAR NORMAL DEPARTURE LAST
                VALUE   (LST)  VALUE       VALUE  FROM      YEAR
                                                  NORMAL
...................................................................
TEMPERATURE (F)
 YESTERDAY
  MAXIMUM         93    401 PM  98    1952  84      9       88
  MINIMUM         71    508 AM  43    1903  64      7       64
  AVERAGE         82                        74      8       76

PRECIPITATION (IN)
  YESTERDAY        0.00          1.74 1929   0.14  -0.14     0.00
  MONTH TO DATE    0.10                      1.71  -1.61     4.43
  SINCE JUN 1      0.10                      1.71  -1.61     4.43
  SINCE JAN 1     21.66                     18.57   3.09    24.35

SNOWFALL (IN)
  YESTERDAY        0.0           0.0  2015   0.0    0.0      0.0
  MONTH TO DATE    0.0                       0.0    0.0      0.0
  SINCE JUN 1      0.0                       0.0    0.0      0.0
  SINCE JUL 1     15.0                      16.5   -1.5     19.6
  SNOW DEPTH       0

DEGREE DAYS
 HEATING
  YESTERDAY        0                         0      0        0
  MONTH TO DATE    0                         3     -3        0
  SINCE JUN 1      0                         3     -3        0
  SINCE JUL 1   4654                      4679    -25     4671

 COOLING
  YESTERDAY       17                         9      8       11
  MONTH TO DATE  123                        95     28      131
  SINCE JUN 1    123                        95     28      131
  SINCE JAN 1    249                       241      8      221
...................................................................


WIND (MPH)
  HIGHEST WIND SPEED    16   HIGHEST WIND DIRECTION    NW (320)
  HIGHEST GUST SPEED    22   HIGHEST GUST DIRECTION    NW (320)
  AVERAGE WIND SPEED     9.5


SKY COVER
  AVERAGE SKY COVER 0.2


WEATHER CONDITIONS
THE FOLLOWING WEATHER WAS RECORDED YESTERDAY.
  NO SIGNIFICANT WEATHER WAS OBSERVED.


RELATIVE HUMIDITY (PERCENT)
 HIGHEST    82           600 AM
 LOWEST     39           300 PM
 AVERAGE    61

..........................................................


THE COLUMBIA ASOS CLIMATE NORMALS FOR TODAY
                         NORMAL    RECORD    YEAR
 MAXIMUM TEMPERATURE (F)   84       100      1953
 MINIMUM TEMPERATURE (F)   64        42      1903


SUNRISE AND SUNSET
JUNE 13 2021..........SUNRISE   543 AM CDT   SUNSET   835 PM CDT
JUNE 14 2021..........SUNRISE   543 AM CDT   SUNSET   835 PM CDT


-  INDICATES NEGATIVE NUMBERS.
R  INDICATES RECORD WAS SET OR TIED.
MM INDICATES DATA IS MISSING.
T  INDICATES TRACE AMOUNT.




$$
