000
CDUS45 KRIW 290830
CLICPR

CLIMATE REPORT
NATIONAL WEATHER SERVICE RIVERTON WY
130 AM MST SUN NOV 29 2020

...................................

...THE CASPER WY CLIMATE SUMMARY FOR NOVEMBER 28 2020...

CLIMATE NORMAL PERIOD: 1981 TO 2010
CLIMATE RECORD PERIOD: 1939 TO 2020


WEATHER ITEM   OBSERVED TIME   RECORD YEAR NORMAL DEPARTURE LAST
                VALUE   (LST)  VALUE       VALUE  FROM      YEAR
                                                  NORMAL
...................................................................
TEMPERATURE (F)
 YESTERDAY
  MAXIMUM         48   2:57 PM  61    1998  38     10       24
  MINIMUM         21  11:59 PM  -9    1952  17      4        5
  AVERAGE         35                        27      8

PRECIPITATION (IN)
  YESTERDAY        0.00          0.24 1975   0.02  -0.02     0.00
  MONTH TO DATE    0.04                      0.72  -0.68     0.94
  SINCE SEP 1      0.93                      2.91  -1.98     3.65
  SINCE JAN 1      5.14                     11.99  -6.85    12.94

SNOWFALL (IN)
  YESTERDAY        0.0           7.1         0.3   -0.3      0.0
  MONTH TO DATE    0.4                       9.6   -9.2     12.4
  SINCE SEP 1     11.6                      18.8   -7.2     26.3
  SINCE JUL 1     11.6                      18.8   -7.2     26.3
  SNOW DEPTH       0

DEGREE DAYS
 HEATING
  YESTERDAY       30                        38     -8       50
  MONTH TO DATE  760                       881   -121      918
  SINCE SEP 1   1684                      1734    -50     1939
  SINCE JUL 1   1703                      1780    -77     1955

 COOLING
  YESTERDAY        0                         0      0        0
  MONTH TO DATE    0                         0      0        0
  SINCE SEP 1     27                        25      2       58
  SINCE JAN 1    542                       422    120      441
...................................................................


WIND (MPH)
  HIGHEST WIND SPEED    32   HIGHEST WIND DIRECTION    SW (210)
  HIGHEST GUST SPEED    42   HIGHEST GUST DIRECTION    SW (210)
  AVERAGE WIND SPEED    19.6


SKY COVER
  POSSIBLE SUNSHINE  MM
  AVERAGE SKY COVER 0.0


WEATHER CONDITIONS
THE FOLLOWING WEATHER WAS RECORDED YESTERDAY.
  LIGHT RAIN


RELATIVE HUMIDITY (PERCENT)
 HIGHEST    46           5:00 AM
 LOWEST     22           3:00 PM
 AVERAGE    34

..........................................................


THE CASPER WY CLIMATE NORMALS FOR TODAY
                         NORMAL    RECORD    YEAR
 MAXIMUM TEMPERATURE (F)   37        58      1945
                                             1999
                                             2014
 MINIMUM TEMPERATURE (F)   16       -10      1975


SUNRISE AND SUNSET
NOVEMBER 29 2020......SUNRISE   7:16 AM MST   SUNSET   4:33 PM MST
NOVEMBER 30 2020......SUNRISE   7:17 AM MST   SUNSET   4:33 PM MST


-  INDICATES NEGATIVE NUMBERS.
R  INDICATES RECORD WAS SET OR TIED.
MM INDICATES DATA IS MISSING.
T  INDICATES TRACE AMOUNT.




$$
