023
CDUS46 KLOX 290137
CLICQT


CLIMATE REPORT
NATIONAL WEATHER SERVICE LOS ANGELES/OXNARD CA
537 PM PST SAT NOV 28 2020


...................................

...THE DOWNTOWN LOS ANGELES (USC) CA CLIMATE SUMMARY FOR NOVEMBER 28 2020...
VALID TODAY AS OF 0500 PM LOCAL TIME.

CLIMATE NORMAL PERIOD 1981 TO 2010
CLIMATE RECORD PERIOD 1877 TO 2020


WEATHER ITEM   OBSERVED TIME   RECORD YEAR NORMAL DEPARTURE LAST
                VALUE   (LST)  VALUE       VALUE  FROM      YEAR
                                                  NORMAL
..................................................................
TEMPERATURE (F)
 TODAY
  MAXIMUM         74    319 PM  90    1924  70      4       52
  MINIMUM         47    224 AM  36    1906  49     -2       47
  AVERAGE         61                        59      2       50

PRECIPITATION (IN)
  TODAY            0.00          3.51 1892   0.04  -0.04     1.00
  MONTH TO DATE    0.11                      0.95  -0.84     2.12
  SINCE OCT 1      0.11                      1.61  -1.50     2.12
  SINCE JAN 1      7.98                     12.51  -4.53    16.71

SNOWFALL (IN)
  TODAY            0.0
  MONTH TO DATE    0.0
  SINCE SEP 1      0.0
  SINCE JUL 1      0.0

DEGREE DAYS
 HEATING
  TODAY            4                         6     -2       15
  MONTH TO DATE  102                       100      2       47
  SINCE SEP 1    102                       120    -18       48
  SINCE JUL 1    102                       120    -18       48

 COOLING
  TODAY            0                         0      0        0
  MONTH TO DATE   44                        32     12       77
  SINCE SEP 1    645                       405    240      648
  SINCE JAN 1   1784                      1239    545     1506
..................................................................


WIND (MPH)
  HIGHEST WIND SPEED     6   HIGHEST WIND DIRECTION     W (270)
  HIGHEST GUST SPEED    10   HIGHEST GUST DIRECTION     W (260)
  AVERAGE WIND SPEED     2.0


SKY COVER
  POSSIBLE SUNSHINE  MM
  AVERAGE SKY COVER 0.0


WEATHER CONDITIONS
 THE FOLLOWING WEATHER WAS RECORDED TODAY.
  NO SIGNIFICANT WEATHER WAS OBSERVED.


RELATIVE HUMIDITY (PERCENT)
 HIGHEST    42           200 AM
 LOWEST     10           300 PM
 AVERAGE    26

..........................................................


THE DOWNTOWN LOS ANGELES (USC) CA CLIMATE NORMALS FOR TOMORROW
                         NORMAL    RECORD    YEAR
 MAXIMUM TEMPERATURE (F)   69        87      1995
                                             1964
 MINIMUM TEMPERATURE (F)   49        37      1878


SUNRISE AND SUNSET
NOVEMBER 28 2020......SUNRISE   638 AM PST   SUNSET   444 PM PST
NOVEMBER 29 2020......SUNRISE   639 AM PST   SUNSET   444 PM PST


-  INDICATES NEGATIVE NUMBERS.
R  INDICATES RECORD WAS SET OR TIED.
MM INDICATES DATA IS MISSING.
T  INDICATES TRACE AMOUNT.




$$
