567
CDUS42 KILM 260946
CLICRE

CLIMATE REPORT
NATIONAL WEATHER SERVICE WILMINGTON NC
446 AM EST THU NOV 26 2020

...................................

...THE N.MYRTLE BEACH SOUTH CAROLINA CLIMATE SUMMARY FOR NOVEMBER 25 2020...

CLIMATE NORMAL PERIOD 1981 TO 2010
CLIMATE RECORD PERIOD 1931 TO 2020


WEATHER ITEM   OBSERVED TIME   RECORD YEAR NORMAL DEPARTURE LAST
                VALUE   (LST)  VALUE       VALUE  FROM      YEAR
                                                  NORMAL
...................................................................
TEMPERATURE (F)
 YESTERDAY
  MAXIMUM         70    857 PM  79    1931  64      6       62
  MINIMUM         43    327 AM  17    1950  44     -1       37
  AVERAGE         57                        54      3       50

PRECIPITATION (IN)
  YESTERDAY        0.00          1.56 2000   0.10  -0.10     0.00
  MONTH TO DATE    5.00                      2.53   2.47     3.86
  SINCE SEP 1     14.20                     12.69   1.51    18.90
  SINCE JAN 1     51.34                     48.04   3.30    50.57

SNOWFALL (IN)
  YESTERDAY       MM            MM          MM
  SINCE JUL 1     MM                        MM

DEGREE DAYS
 HEATING
  YESTERDAY        8                        11     -3       15
  MONTH TO DATE  136                       210    -74      286
  SINCE SEP 1    145                       300   -155      298
  SINCE JUL 1    145                       300   -155      298

 COOLING
  YESTERDAY        0                         0      0        0
  MONTH TO DATE   57                        12     45        1
  SINCE SEP 1    599                       419    180      605
  SINCE JAN 1   2349                      1895    454     2380
...................................................................


WIND (MPH)
  RESULTANT WIND SPEED   4   RESULTANT WIND DIRECTION   E (100)
  HIGHEST WIND SPEED    15   HIGHEST WIND DIRECTION     S (190)
  HIGHEST GUST SPEED    19   HIGHEST GUST DIRECTION    SE (150)
  AVERAGE WIND SPEED     7.0


SKY COVER
  AVERAGE SKY COVER 0.7


WEATHER CONDITIONS
THE FOLLOWING WEATHER WAS RECORDED YESTERDAY.
  NO SIGNIFICANT WEATHER WAS OBSERVED.


RELATIVE HUMIDITY (PERCENT)
 HIGHEST   100           700 AM
 LOWEST     73           100 PM
 AVERAGE    87

..........................................................


THE N.MYRTLE BEACH SOUTH CAROLINA CLIMATE NORMALS FOR TODAY
                         NORMAL    RECORD    YEAR
 MAXIMUM TEMPERATURE (F)   64        79      1946
 MINIMUM TEMPERATURE (F)   44        16      1950


SUNRISE AND SUNSET
NOVEMBER 26 2020......SUNRISE   658 AM EST   SUNSET   507 PM EST
NOVEMBER 27 2020......SUNRISE   659 AM EST   SUNSET   507 PM EST


-  INDICATES NEGATIVE NUMBERS.
R  INDICATES RECORD WAS SET OR TIED.
MM INDICATES DATA IS MISSING.
T  INDICATES TRACE AMOUNT.




$$
