089
CDUS42 KJAX 282235
CLICRG

CLIMATE REPORT
NATIONAL WEATHER SERVICE JACKSONVILLE FL
535 PM EST SAT NOV 28 2020

...................................

...THE CRAIG EXEC ARPT CLIMATE SUMMARY FOR NOVEMBER 28 2020...
VALID TODAY AS OF 0500 PM LOCAL TIME.

CLIMATE NORMAL PERIOD: 1981 TO 2010
CLIMATE RECORD PERIOD: 1974 TO 2020


WEATHER ITEM   OBSERVED TIME   RECORD YEAR NORMAL DEPARTURE LAST
                VALUE   (LST)  VALUE       VALUE  FROM      YEAR
                                                  NORMAL
...................................................................
TEMPERATURE (F)
 TODAY
  MAXIMUM         78   1:43 PM  83    1985  70      8       76
  MINIMUM         66   4:59 PM  34    2013  50     16       52
  AVERAGE         72                        60     12       64

PRECIPITATION (IN)
  TODAY            0.04          0.68 2005   0.13  -0.09     0.00
  MONTH TO DATE    3.32                      2.31   1.01     2.64
  SINCE SEP 1     16.07                     13.66   2.41    12.26
  SINCE JAN 1     56.58                     48.37   8.21    42.52

SNOWFALL (IN)
  TODAY            0.0          MM      MM

DEGREE DAYS
 HEATING
  TODAY            0                         6     -6        1
  MONTH TO DATE   23                       101    -78      124
  SINCE SEP 1     23                       122    -99      124
  SINCE JUL 1     23                       122    -99      124

 COOLING
  TODAY            7                         1      6        0
  MONTH TO DATE  178                        60    118       41
  SINCE SEP 1   1026                       677    349      893
  SINCE JAN 1   3394                      2598    796     3214
...................................................................


WIND (MPH)
  HIGHEST WIND SPEED    12   HIGHEST WIND DIRECTION     N (10)
  HIGHEST GUST SPEED    17   HIGHEST GUST DIRECTION     N (20)
  AVERAGE WIND SPEED     4.2


SKY COVER
  AVERAGE SKY COVER 0.8


WEATHER CONDITIONS
THE FOLLOWING WEATHER WAS RECORDED TODAY.
  RAIN
  LIGHT RAIN
  FOG
  FOG W/VISIBILITY <= 1/4 MILE
  HAZE


RELATIVE HUMIDITY (PERCENT)
 HIGHEST    97          12:00 AM
 LOWEST     62           1:00 PM
 AVERAGE    80

..........................................................


THE CRAIG EXEC ARPT CLIMATE NORMALS FOR TOMORROW
                         NORMAL    RECORD    YEAR
 MAXIMUM TEMPERATURE (F)   70        86      1978
 MINIMUM TEMPERATURE (F)   50        34      1988


SUNRISE AND SUNSET
NOVEMBER 28 2020......SUNRISE   7:03 AM EST   SUNSET   5:25 PM EST
NOVEMBER 29 2020......SUNRISE   7:04 AM EST   SUNSET   5:25 PM EST


-  INDICATES NEGATIVE NUMBERS.
R  INDICATES RECORD WAS SET OR TIED.
MM INDICATES DATA IS MISSING.
T  INDICATES TRACE AMOUNT.




$$
