000
CDUS44 KCRP 290100
CLICRP

CLIMATE REPORT
NATIONAL WEATHER SERVICE CORPUS CHRISTI TX
659 PM CST SAT NOV 28 2020


...................................

...THE CORPUS CHRISTI CLIMATE SUMMARY FOR NOVEMBER 28 2020...
VALID TODAY AS OF 0600 PM LOCAL TIME.

CLIMATE NORMAL PERIOD 1981 TO 2010
CLIMATE RECORD PERIOD 1887 TO 2020


WEATHER ITEM   OBSERVED TIME   RECORD YEAR NORMAL DEPARTURE LAST
                VALUE   (LST)  VALUE       VALUE  FROM      YEAR
                                                  NORMAL
..................................................................
TEMPERATURE (F)
 TODAY
  MAXIMUM         73   1219 AM  91    2016  72      1       71
  MINIMUM         65    456 PM  27    2011  52     13       59
  AVERAGE         69                        62      7       65

PRECIPITATION (IN)
  TODAY            1.28R         0.56 1969   0.05   1.23      T
  MONTH TO DATE    1.28                      1.88  -0.60     4.14
  SINCE SEP 1      7.80                     10.50  -2.70     9.71
  SINCE JAN 1     24.16                     29.84  -5.68    21.42

SNOWFALL (IN)
  TODAY            0.0           0.0  2002   0.0    0.0      0.0
                                      2001
                                      2000
  MONTH TO DATE    0.0                       0.0    0.0      0.0
  SINCE SEP 1      0.0                       0.0    0.0      0.0
  SINCE JUL 1      0.0                       0.0    0.0      0.0
  SNOW DEPTH       0

DEGREE DAYS
 HEATING
  TODAY            0                         5     -5        0
  MONTH TO DATE    4                        80    -76      145
  SINCE SEP 1     35                        90    -55      168
  SINCE JUL 1     35                        90    -55      168

 COOLING
  TODAY            4                         3      1        0
  MONTH TO DATE  187                       120     67       77
  SINCE SEP 1   1013                       910    103     1056
  SINCE JAN 1   3964                      3471    493     4004
..................................................................


WIND (MPH)
  HIGHEST WIND SPEED    37   HIGHEST WIND DIRECTION    NE (60)
  HIGHEST GUST SPEED    42   HIGHEST GUST DIRECTION    NE (50)


SKY COVER
  POSSIBLE SUNSHINE  MM
  AVERAGE SKY COVER 1.0


WEATHER CONDITIONS
 THE FOLLOWING WEATHER WAS RECORDED TODAY.
  THUNDERSTORM
  HEAVY RAIN
  RAIN
  LIGHT RAIN
  FOG


RELATIVE HUMIDITY (PERCENT)
 HIGHEST   100           800 AM
 LOWEST     87          1200 AM
 AVERAGE    94

..........................................................


THE CORPUS CHRISTI CLIMATE NORMALS FOR TOMORROW
                         NORMAL    RECORD    YEAR
 MAXIMUM TEMPERATURE (F)   72        95      1949
 MINIMUM TEMPERATURE (F)   52        30      1911


SUNRISE AND SUNSET
NOVEMBER 28 2020......SUNRISE   702 AM CST   SUNSET   535 PM CST
NOVEMBER 29 2020......SUNRISE   702 AM CST   SUNSET   534 PM CST


-  INDICATES NEGATIVE NUMBERS.
R  INDICATES RECORD WAS SET OR TIED.
MM INDICATES DATA IS MISSING.
T  INDICATES TRACE AMOUNT.




$$
