000
CDUS41 KRLX 040821
CLICRW

CLIMATE REPORT
NATIONAL WEATHER SERVICE CHARLESTON WV
321 AM EST FRI DEC 04 2020

...................................

...THE CHARLESTON WV CLIMATE SUMMARY FOR DECEMBER 3 2020...

CLIMATE NORMAL PERIOD: 1981 TO 2010
CLIMATE RECORD PERIOD: 1901 TO 2020


WEATHER ITEM   OBSERVED TIME   RECORD YEAR NORMAL DEPARTURE LAST
                VALUE   (LST)  VALUE       VALUE  FROM      YEAR
                                                  NORMAL
...................................................................
TEMPERATURE (F)
 YESTERDAY
  MAXIMUM         47   2:37 PM  80    1982  49     -2       36
  MINIMUM         23   7:44 AM  10    1942  32     -9       33
                                      1966
  AVERAGE         35                        41     -6       35

PRECIPITATION (IN)
  YESTERDAY        0.00          1.01 1978   0.12  -0.12      T
  MONTH TO DATE    0.17                      0.34  -0.17     0.67
  SINCE DEC 1      0.17                      0.34  -0.17     0.67
  SINCE JAN 1     46.34                     41.10   5.24    42.84

SNOWFALL (IN)
  YESTERDAY        0.0           2.1  1989   0.2   -0.2       T
                                      2007
  MONTH TO DATE    2.9                       0.4    2.5       T
  SINCE DEC 1      2.9                       0.4    2.5       T
  SINCE JUL 1      3.3                       1.8    1.5      1.5
  SNOW DEPTH       T

DEGREE DAYS
 HEATING
  YESTERDAY       30                        24      6       30
  MONTH TO DATE   97                        72     25       70
  SINCE DEC 1     97                        72     25       70
  SINCE JUL 1    808                       956   -148      943

 COOLING
  YESTERDAY        0                         0      0        0
  MONTH TO DATE    0                         0      0        0
  SINCE DEC 1      0                         0      0        0
  SINCE JAN 1   1313                      1096    217     1514
...................................................................


WIND (MPH)
  HIGHEST WIND SPEED     7   HIGHEST WIND DIRECTION    SE (150)
  HIGHEST GUST SPEED     8   HIGHEST GUST DIRECTION    SE (150)
  AVERAGE WIND SPEED     0.7


SKY COVER
  AVERAGE SKY COVER 0.6


WEATHER CONDITIONS
THE FOLLOWING WEATHER WAS RECORDED YESTERDAY.
  NO SIGNIFICANT WEATHER WAS OBSERVED.


RELATIVE HUMIDITY (PERCENT)
 HIGHEST   100
 LOWEST     51
 AVERAGE    76

..........................................................


THE CHARLESTON WV CLIMATE NORMALS FOR TODAY
                         NORMAL    RECORD    YEAR
 MAXIMUM TEMPERATURE (F)   49        76      1982
 MINIMUM TEMPERATURE (F)   32         9      1940
                                             1966


SUNRISE AND SUNSET
DECEMBER  4 2020......SUNRISE   7:28 AM EST   SUNSET   5:06 PM EST
DECEMBER  5 2020......SUNRISE   7:29 AM EST   SUNSET   5:06 PM EST


-  INDICATES NEGATIVE NUMBERS.
R  INDICATES RECORD WAS SET OR TIED.
MM INDICATES DATA IS MISSING.
T  INDICATES TRACE AMOUNT.




$$
