407
CDUS42 KFFC 290920
CLICSG

CLIMATE REPORT
NATIONAL WEATHER SERVICE PEACHTREE CITY GA
420 AM EST SUN NOV 29 2020

...................................

...THE COLUMBUS CLIMATE SUMMARY FOR NOVEMBER 28 2020...

CLIMATE NORMAL PERIOD: 1981 TO 2010
CLIMATE RECORD PERIOD: 1948 TO 2020


WEATHER ITEM   OBSERVED TIME   RECORD YEAR NORMAL DEPARTURE LAST
                VALUE   (LST)  VALUE       VALUE  FROM      YEAR
                                                  NORMAL
...................................................................
TEMPERATURE (F)
 YESTERDAY
  MAXIMUM         67   2:55 PM  82    1990  64      3       71
  MINIMUM         56  11:59 PM  21    1950  43     13       47
                                      1956
  AVERAGE         62                        53      9       59

PRECIPITATION (IN)
  YESTERDAY        0.36          2.34 1976   0.16   0.20     0.00
  MONTH TO DATE    2.40                      3.77  -1.37     3.84
  SINCE SEP 1     14.43                      9.41   5.02     9.47
  SINCE JAN 1     64.68                     42.15  22.53    40.91

SNOWFALL (IN)
  YESTERDAY        0.0           0.0  2001   0.0    0.0     MM
  MONTH TO DATE    0.0                       0.0    0.0      0.0
  SINCE SEP 1      0.0                       0.0    0.0      0.0
  SINCE JUL 1      0.0                       0.0    0.0      0.0
  SNOW DEPTH      MM

DEGREE DAYS
 HEATING
  YESTERDAY        3                        12     -9        6
  MONTH TO DATE  117                       231   -114      287
  SINCE SEP 1    139                       307   -168      314
  SINCE JUL 1    139                       307   -168      314

 COOLING
  YESTERDAY        0                         0      0        0
  MONTH TO DATE   53                        23     30        2
  SINCE SEP 1    606                       491    115      802
  SINCE JAN 1   2630                      2363    267     2991
...................................................................


WIND (MPH)
  HIGHEST WIND SPEED    12   HIGHEST WIND DIRECTION     N (350)
  HIGHEST GUST SPEED    18   HIGHEST GUST DIRECTION     N (350)
  AVERAGE WIND SPEED     3.2


SKY COVER
  AVERAGE SKY COVER 0.3


WEATHER CONDITIONS
THE FOLLOWING WEATHER WAS RECORDED YESTERDAY.
  RAIN
  LIGHT RAIN
  FOG


RELATIVE HUMIDITY (PERCENT)
 HIGHEST    97           1:00 AM
 LOWEST     61           2:00 PM
 AVERAGE    79

..........................................................


THE COLUMBUS CLIMATE NORMALS FOR TODAY
                         NORMAL    RECORD    YEAR
 MAXIMUM TEMPERATURE (F)   64        80      1908
                                             1919
 MINIMUM TEMPERATURE (F)   42        20      1901


SUNRISE AND SUNSET
NOVEMBER 29 2020......SUNRISE   7:22 AM EST   SUNSET   5:34 PM EST
NOVEMBER 30 2020......SUNRISE   7:23 AM EST   SUNSET   5:34 PM EST


-  INDICATES NEGATIVE NUMBERS.
R  INDICATES RECORD WAS SET OR TIED.
MM INDICATES DATA IS MISSING.
T  INDICATES TRACE AMOUNT.




$$
