000
CDUS45 KTFX 040835
CLICTB

CLIMATE REPORT
NATIONAL WEATHER SERVICE GREAT FALLS MT
135 AM MST FRI DEC 04 2020

...................................

...THE CUT BANK MT CLIMATE SUMMARY FOR DECEMBER 3 2020...

CLIMATE NORMAL PERIOD 1981 TO 2010
CLIMATE RECORD PERIOD 1903 TO 2020


WEATHER ITEM   OBSERVED TIME   RECORD YEAR NORMAL DEPARTURE LAST
                VALUE   (LST)  VALUE       VALUE  FROM      YEAR
                                                  NORMAL
...................................................................
TEMPERATURE (F)
 YESTERDAY
  MAXIMUM         57    201 PM  59    1987  34     23       41
  MINIMUM         23    611 AM -28    1972  14      9       34
  AVERAGE         40                        24     16       38

PRECIPITATION (IN)
  YESTERDAY        0.00          0.21 1941   0.00   0.00     0.00
  MONTH TO DATE    0.00                      0.02  -0.02     0.00
  SINCE OCT 1      1.92                      0.82   1.10     2.08
  SINCE JAN 1      8.91                     10.70  -1.79    12.73

SNOWFALL (IN)
  YESTERDAY       MM
  SNOW DEPTH       0

DEGREE DAYS
 HEATING
  YESTERDAY       25                        41    -16       27
  MONTH TO DATE   95                       122    -27      108
  SINCE DEC 1     95                       122    -27      108
  SINCE JUL 1   2249                      2385   -136     2751

 COOLING
  YESTERDAY        0                         0      0        0
  MONTH TO DATE    0                         0      0        0
  SINCE DEC 1      0                         0      0        0
  SINCE JAN 1    185                       162     23      106
...................................................................


WIND (MPH)
  HIGHEST WIND SPEED    35   HIGHEST WIND DIRECTION     W (260)
  HIGHEST GUST SPEED    40   HIGHEST GUST DIRECTION     W (260)
  AVERAGE WIND SPEED    10.1


SKY COVER
  AVERAGE SKY COVER 0.0


WEATHER CONDITIONS
THE FOLLOWING WEATHER WAS RECORDED YESTERDAY.
  NO SIGNIFICANT WEATHER WAS OBSERVED.


RELATIVE HUMIDITY (PERCENT)
 HIGHEST    81           100 AM
 LOWEST     28          1100 PM
 AVERAGE    55

..........................................................


THE CUT BANK MT CLIMATE NORMALS FOR TODAY
                         NORMAL    RECORD    YEAR
 MAXIMUM TEMPERATURE (F)   34        61      1988
 MINIMUM TEMPERATURE (F)   14       -29      1972


SUNRISE AND SUNSET
DECEMBER  4 2020......SUNRISE   805 AM MST   SUNSET   435 PM MST
DECEMBER  5 2020......SUNRISE   806 AM MST   SUNSET   434 PM MST


-  INDICATES NEGATIVE NUMBERS.
R  INDICATES RECORD WAS SET OR TIED.
MM INDICATES DATA IS MISSING.
T  INDICATES TRACE AMOUNT.




$$
