950
CDUS42 KTAE 122135
CLICTY

CLIMATE REPORT
NATIONAL WEATHER SERVICE TALLAHASSEE FL
535 PM EDT SAT JUN 12 2021

...................................

...THE CROSS CITY  CLIMATE SUMMARY FOR JUNE 12 2021...
VALID TODAY AS OF 0500 PM LOCAL TIME.

CLIMATE NORMAL PERIOD 1991 TO 2020
CLIMATE RECORD PERIOD 1948 TO 2021


WEATHER ITEM   OBSERVED TIME   NORMAL DEPARTURE LAST
                VALUE   (LST)  VALUE  FROM      YEAR
                                      NORMAL
.......................................................
TEMPERATURE (F)
 TODAY
  MAXIMUM         87    915 AM  90     -3       89
  MINIMUM         73    455 AM  70      3       70
  AVERAGE         80            80      0       80

PRECIPITATION (IN)
  TODAY            0.08          0.23  -0.15     0.27
  MONTH TO DATE    0.62          2.46  -1.84     3.95
  SINCE JUN 1      0.62          2.46  -1.84     3.95
  SINCE JAN 1     16.06         17.97  -1.91    19.47

SNOWFALL (IN)
  TODAY            0.0

DEGREE DAYS
 HEATING
  TODAY            0                    0
  MONTH TO DATE    0                    0
  SINCE JUN 1      0                    0
  SINCE JUL 1   1006                 -252

 COOLING
  TODAY           15                    0
  MONTH TO DATE  183                   12
  SINCE JUN 1    183                   12
  SINCE JAN 1    771                   86
.......................................................


WIND (MPH)
  HIGHEST WIND SPEED    14   HIGHEST WIND DIRECTION     N (360)
  AVERAGE WIND SPEED     6.6


RELATIVE HUMIDITY (PERCENT)
 HIGHEST    96
 LOWEST     58
 AVERAGE    77

..........................................................


THE CROSS CITY  CLIMATE NORMALS FOR TOMORROW
                         NORMAL




SUNRISE AND SUNSET
JUNE 12 2021..........SUNRISE   632 AM EDT   SUNSET   833 PM EDT
JUNE 13 2021..........SUNRISE   632 AM EDT   SUNSET   833 PM EDT


-  INDICATES NEGATIVE NUMBERS.
R  INDICATES RECORD WAS SET OR TIED.
MM INDICATES DATA IS MISSING.
T  INDICATES TRACE AMOUNT.




$$
