000
CDUS42 KTAE 280733
CLICTY

CLIMATE REPORT
NATIONAL WEATHER SERVICE TALLAHASSEE FL
233 AM EST SAT NOV 28 2020

...................................

...THE CROSS CITY  CLIMATE SUMMARY FOR NOVEMBER 27 2020...

CLIMATE NORMAL PERIOD 1981 TO 2010
CLIMATE RECORD PERIOD 1948 TO 2020


WEATHER ITEM   OBSERVED TIME   NORMAL DEPARTURE LAST
                VALUE   (LST)  VALUE  FROM      YEAR
                                      NORMAL
.......................................................
TEMPERATURE (F)
 YESTERDAY
  MAXIMUM         82        MM  72     10       80
  MINIMUM         57        MM  47     10       46
  AVERAGE         70            60     10       63

PRECIPITATION (IN)
  YESTERDAY        0.00          0.10  -0.10     0.00
  MONTH TO DATE    0.87          2.32  -1.45     4.32
  SINCE SEP 1      8.25         10.18  -1.93     8.41
  SINCE JAN 1     48.41         45.55   2.86    54.81

SNOWFALL (IN)
  YESTERDAY        0.0

DEGREE DAYS
 HEATING
  YESTERDAY        0                   -7
  MONTH TO DATE   52                  -65
  SINCE SEP 1     54                  -95
  SINCE JUL 1     54                  -95

 COOLING
  YESTERDAY        5                    4
  MONTH TO DATE  129                   74
  SINCE SEP 1    922                  262
  SINCE JAN 1   3104                  506
.......................................................


WIND (MPH)
  HIGHEST WIND SPEED     8   HIGHEST WIND DIRECTION    SW (240)
  AVERAGE WIND SPEED     1.9

..........................................................


THE CROSS CITY  CLIMATE NORMALS FOR TODAY
                         NORMAL




SUNRISE AND SUNSET
NOVEMBER 28 2020......SUNRISE   708 AM EST   SUNSET   533 PM EST
NOVEMBER 29 2020......SUNRISE   709 AM EST   SUNSET   533 PM EST


-  INDICATES NEGATIVE NUMBERS.
R  INDICATES RECORD WAS SET OR TIED.
MM INDICATES DATA IS MISSING.
T  INDICATES TRACE AMOUNT.




$$
