000
CDUS42 KCAE 282227
CLICUB


CLIMATE REPORT
NATIONAL WEATHER SERVICE COLUMBIA SC
527 PM EST SAT NOV 28 2020


...................................

...THE HAMILTON - OWENS AIRPORT SC CLIMATE SUMMARY FOR NOVEMBER 28 2020...
VALID TODAY AS OF 0500 PM LOCAL TIME.

CLIMATE NORMAL PERIOD 1981 TO 2010
CLIMATE RECORD PERIOD 9999 TO 9999


WEATHER ITEM   OBSERVED TIME   NORMAL DEPARTURE LAST
                VALUE   (LST)  VALUE  FROM      YEAR
                                      NORMAL
......................................................
TEMPERATURE (F)
 TODAY
  MAXIMUM         61    129 PM  64     -3       71
  MINIMUM         53    743 AM  41     12       42
  AVERAGE         57            53      4       57

PRECIPITATION (IN)
  TODAY            0.24          0.11   0.13     0.00
  MONTH TO DATE    1.94          2.77  -0.83     2.98
  SINCE SEP 1      7.72         10.13  -2.41     7.53
  SINCE JAN 1     45.45         41.98   3.47    30.71

DEGREE DAYS
 HEATING
  TODAY            8            13     -5        8
  MONTH TO DATE  166           256    -90      355
  SINCE SEP 1    194           345   -151      383
  SINCE JUL 1    194           345   -151      383

 COOLING
  TODAY            0             0      0        0
  MONTH TO DATE   62            11     51        0
  SINCE SEP 1    550           435    115      710
  SINCE JAN 1   2503          2253    250     2833
......................................................


WIND (MPH)
  HIGHEST WIND SPEED    12   HIGHEST WIND DIRECTION    NW (300)
  HIGHEST GUST SPEED    17   HIGHEST GUST DIRECTION    NW (300)
  AVERAGE WIND SPEED     1.2


SKY COVER
  AVERAGE SKY COVER 0.8


WEATHER CONDITIONS
 THE FOLLOWING WEATHER WAS RECORDED TODAY.
  RAIN
  LIGHT RAIN
  FOG


RELATIVE HUMIDITY (PERCENT)
 HIGHEST    93          1200 AM
 LOWEST     78           100 PM
 AVERAGE    86

..........................................................


THE HAMILTON - OWENS AIRPORT SC CLIMATE NORMALS FOR TOMORROW
                         NORMAL
 MAXIMUM TEMPERATURE (F)   64
 MINIMUM TEMPERATURE (F)   41


SUNRISE AND SUNSET
NOVEMBER 28 2020......SUNRISE   709 AM EST   SUNSET   515 PM EST
NOVEMBER 29 2020......SUNRISE   710 AM EST   SUNSET   515 PM EST


-  INDICATES NEGATIVE NUMBERS.
R  INDICATES RECORD WAS SET OR TIED.
MM INDICATES DATA IS MISSING.
T  INDICATES TRACE AMOUNT.




$$
