000
CDUS43 KUNR 260836
CLICUT

CLIMATE REPORT
NATIONAL WEATHER SERVICE RAPID CITY SD
136 AM MST THU NOV 26 2020

...................................

...THE CUSTER COUNTY AIRPORT SD CLIMATE SUMMARY FOR NOVEMBER 25 2020...

CLIMATE NORMAL PERIOD 1981 TO 2010
CLIMATE RECORD PERIOD 9999 TO 9999


WEATHER ITEM   OBSERVED TIME   NORMAL DEPARTURE LAST
                VALUE   (LST)  VALUE  FROM      YEAR
                                      NORMAL
.......................................................
TEMPERATURE (F)
 YESTERDAY
  MAXIMUM         50   1240 PM  38     12       35
  MINIMUM         20    547 AM  17      3       24
  AVERAGE         35            27      8       30

PRECIPITATION (IN)
  YESTERDAY        0.00          0.01  -0.01      T
  MONTH TO DATE    0.41          0.52  -0.11     0.49
  SINCE SEP 1      2.19          3.56  -1.37     4.40
  SINCE JAN 1     15.95         18.48  -2.53    26.55

DEGREE DAYS
 HEATING
  YESTERDAY       30            38     -8       35
  MONTH TO DATE  673           808   -135      802
  SINCE SEP 1   1751          1833    -82     1984
  SINCE JUL 1   1813          1987   -174     2114

 COOLING
  YESTERDAY        0             0      0        0
  MONTH TO DATE    0             0      0        0
  SINCE SEP 1     22            11     11       19
  SINCE JAN 1    277           177    100      140
.......................................................


WIND (MPH)
  HIGHEST WIND SPEED    22   HIGHEST WIND DIRECTION     W (250)
  HIGHEST GUST SPEED    38   HIGHEST GUST DIRECTION    SW (230)
  AVERAGE WIND SPEED     8.8


SKY COVER
  AVERAGE SKY COVER 0.0


RELATIVE HUMIDITY (PERCENT)
 HIGHEST    72          1100 PM
 LOWEST     20          1100 AM
 AVERAGE    46

..........................................................



SUNRISE AND SUNSET
NOVEMBER 26 2020......SUNRISE   703 AM MST   SUNSET   420 PM MST
NOVEMBER 27 2020......SUNRISE   704 AM MST   SUNSET   420 PM MST


-  INDICATES NEGATIVE NUMBERS.
R  INDICATES RECORD WAS SET OR TIED.
MM INDICATES DATA IS MISSING.
T  INDICATES TRACE AMOUNT.




$$
