000
CDUS42 KCHS 290602
CLICXM

CLIMATE REPORT
NATIONAL WEATHER SERVICE CHARLESTON SC
102 AM EST SUN NOV 29 2020

...................................

...THE DOWNTOWN CHARLESTON SC CLIMATE SUMMARY FOR NOVEMBER 28 2020...

CLIMATE NORMAL PERIOD 1981 TO 2010
CLIMATE RECORD PERIOD 1870 TO 2020


WEATHER ITEM   OBSERVED TIME   RECORD YEAR NORMAL DEPARTURE LAST
                VALUE   (LST)  VALUE       VALUE  FROM      YEAR
                                                  NORMAL
...................................................................
TEMPERATURE (F)
 YESTERDAY
  MAXIMUM         64    300 AM  78    1990  64      0       70
                                      1995
  MINIMUM         59   1150 PM  26    1903  50      9       53
  AVERAGE         62                        57      5       62

PRECIPITATION (IN)
  YESTERDAY        0.09          1.39 1934   0.07   0.02     0.00
  MONTH TO DATE    2.69                      2.03   0.66     1.63
  SINCE SEP 1     10.14                     11.46  -1.32    11.62
  SINCE JAN 1     46.24                     41.66   4.58    32.02

DEGREE DAYS
 HEATING
  YESTERDAY        3                         8     -5        3
  MONTH TO DATE   56                       154    -98      229
  SINCE SEP 1     57                       195   -138      230
  SINCE JUL 1     57                       195   -138      230

 COOLING
  YESTERDAY        0                         1     -1        0
  MONTH TO DATE  115                        38     77        9
  SINCE SEP 1    742                       546    196      705
  SINCE JAN 1   2725                      2371    354     2785
...................................................................


WIND (MPH)
  HIGHEST WIND SPEED     9   HIGHEST WIND DIRECTION     N (360)
  HIGHEST GUST SPEED    12   HIGHEST GUST DIRECTION     N (360)
  AVERAGE WIND SPEED     4.0

..........................................................


THE DOWNTOWN CHARLESTON SC CLIMATE NORMALS FOR TODAY
                         NORMAL    RECORD    YEAR
 MAXIMUM TEMPERATURE (F)   64        78      1919
                                             1927
                                             1985
 MINIMUM TEMPERATURE (F)   50        29      1955


SUNRISE AND SUNSET
NOVEMBER 29 2020......SUNRISE   703 AM EST   SUNSET   513 PM EST
NOVEMBER 30 2020......SUNRISE   704 AM EST   SUNSET   513 PM EST


-  INDICATES NEGATIVE NUMBERS.
R  INDICATES RECORD WAS SET OR TIED.
MM INDICATES DATA IS MISSING.
T  INDICATES TRACE AMOUNT.




$$
