000
CDUS45 KCYS 122127
CLICYS

CLIMATE REPORT
NATIONAL WEATHER SERVICE CHEYENNE WY
327 PM MDT SAT JUN 12 2021

...................................

...THE CHEYENNE WYOMING AIRPORT CLIMATE SUMMARY FOR JUNE 12 2021...
VALID AS OF 0300 PM LOCAL TIME.

CLIMATE NORMAL PERIOD 1991 TO 2020
CLIMATE RECORD PERIOD 1871 TO 2021


WEATHER ITEM   OBSERVED TIME   RECORD YEAR NORMAL DEPARTURE LAST
                VALUE   (LST)  VALUE       VALUE  FROM      YEAR
                                                  NORMAL
...................................................................
TEMPERATURE (F)
 TODAY
  MAXIMUM         82   1149 AM  92    1956  76      6       84
  MINIMUM         45    455 AM  28    1947  49     -4       52
  AVERAGE         64                        62      2       68

PRECIPITATION (IN)
  TODAY            0.00          1.45 2005   0.07  -0.07     0.00
  MONTH TO DATE    2.37                      0.99   1.38     1.44
  SINCE JUN 1      2.37                      0.99   1.38     1.44
  SINCE JAN 1     11.29                      7.05   4.24     5.40

SNOWFALL (IN)
  TODAY            0.0           4.3  1947   0.0    0.0      0.0
  MONTH TO DATE    T                         0.0    0.0       T
  SINCE JUN 1      T                         0.0    0.0       T
  SINCE JUL 1     84.7                      62.9   21.8     72.2
  SNOW DEPTH      MM

DEGREE DAYS
 HEATING
  TODAY            1                         4     -3        0
  MONTH TO DATE   18                        69    -51       36
  SINCE JUN 1     18                        69    -51       36
  SINCE JUL 1   7020                      6914    106     6935

 COOLING
  TODAY            0                         1     -1        3
  MONTH TO DATE   38                        12     26       35
  SINCE JUN 1     38                        12     26       35
  SINCE JAN 1     38                        16     22       47
...................................................................


WIND (MPH)
  HIGHEST WIND SPEED    16   HIGHEST WIND DIRECTION     E (90)
  HIGHEST GUST SPEED    22   HIGHEST GUST DIRECTION     E (110)
  AVERAGE WIND SPEED     5.8


SKY COVER
  POSSIBLE SUNSHINE  MM
  AVERAGE SKY COVER 0.0


WEATHER CONDITIONS
THE FOLLOWING WEATHER WAS RECORDED TODAY.
  NO SIGNIFICANT WEATHER WAS OBSERVED.


RELATIVE HUMIDITY (PERCENT)
 HIGHEST    70           500 AM
 LOWEST     20          1100 AM
 AVERAGE    45

..........................................................


THE CHEYENNE WYOMING AIRPORT CLIMATE NORMALS FOR TOMORROW
                         NORMAL    RECORD    YEAR
 MAXIMUM TEMPERATURE (F)   76        94      1956
 MINIMUM TEMPERATURE (F)   49        31      1915


SUNRISE AND SUNSET
JUNE 12 2021..........SUNRISE   526 AM MDT   SUNSET   833 PM MDT
JUNE 13 2021..........SUNRISE   526 AM MDT   SUNSET   833 PM MDT


-  INDICATES NEGATIVE NUMBERS.
R  INDICATES RECORD WAS SET OR TIED.
MM INDICATES DATA IS MISSING.
T  INDICATES TRACE AMOUNT.




$$
