000
CDUS43 KUNR 260836
CLID07

CLIMATE REPORT
NATIONAL WEATHER SERVICE RAPID CITY SD
136 AM MST THU NOV 26 2020

...................................

...THE FAITH SD CLIMATE SUMMARY FOR NOVEMBER 25 2020...

CLIMATE NORMAL PERIOD 1981 TO 2010
CLIMATE RECORD PERIOD 9999 TO 9999


WEATHER ITEM   OBSERVED TIME   NORMAL DEPARTURE LAST
                VALUE   (LST)  VALUE  FROM      YEAR
                                      NORMAL
.......................................................
TEMPERATURE (F)
 YESTERDAY
  MAXIMUM         44    213 PM  37      7       41
  MINIMUM         19    426 AM  17      2       24
  AVERAGE         32            27      5       33

PRECIPITATION (IN)
  YESTERDAY        0.00          0.00   0.00     0.00
  MONTH TO DATE    0.01          0.51  -0.50     0.46
  SINCE SEP 1      1.91          3.42  -1.51     4.77
  SINCE JAN 1     11.86         17.24  -5.38    27.91

DEGREE DAYS
 HEATING
  YESTERDAY       33            38     -5       32
  MONTH TO DATE  623           786   -163      806
  SINCE SEP 1   1562          1552     10     1750
  SINCE JUL 1   1570          1585    -15     1785

 COOLING
  YESTERDAY        0             0      0        0
  MONTH TO DATE    0             0      0        0
  SINCE SEP 1     44            60    -16       69
  SINCE JAN 1    646           635     11      447
.......................................................


WIND (MPH)
  HIGHEST WIND SPEED    17   HIGHEST WIND DIRECTION    NW (310)
  HIGHEST GUST SPEED    24   HIGHEST GUST DIRECTION    NW (320)
  AVERAGE WIND SPEED    11.8


SKY COVER
  AVERAGE SKY COVER 0.0


RELATIVE HUMIDITY (PERCENT)
 HIGHEST    77           400 AM
 LOWEST     38           200 PM
 AVERAGE    58

..........................................................



SUNRISE AND SUNSET
NOVEMBER 26 2020......SUNRISE   701 AM MST   SUNSET   410 PM MST
NOVEMBER 27 2020......SUNRISE   702 AM MST   SUNSET   409 PM MST


-  INDICATES NEGATIVE NUMBERS.
R  INDICATES RECORD WAS SET OR TIED.
MM INDICATES DATA IS MISSING.
T  INDICATES TRACE AMOUNT.




$$
