000
CDUS42 KMLB 260722
CLIDAB

CLIMATE REPORT
NATIONAL WEATHER SERVICE MELBOURNE FL
222 AM EST THU NOV 26 2020

...................................

...THE DAYTONA BEACH CLIMATE SUMMARY FOR NOVEMBER 25 2020...

CLIMATE NORMAL PERIOD 1981 TO 2010
CLIMATE RECORD PERIOD 1923 TO 2020


WEATHER ITEM   OBSERVED TIME   RECORD YEAR NORMAL DEPARTURE LAST
                VALUE   (LST)  VALUE       VALUE  FROM      YEAR
                                                  NORMAL
...................................................................
TEMPERATURE (F)
 YESTERDAY
  MAXIMUM         80    303 PM  86    1992  74      6       69
  MINIMUM         64    737 AM  28    1950  55      9       46
  AVERAGE         72                        65      7       58

PRECIPITATION (IN)
  YESTERDAY        0.00          6.22 2014   0.08  -0.08     0.00
  MONTH TO DATE    6.43                      2.26   4.17     1.75
  SINCE SEP 1     17.44                     13.43   4.01    19.82
  SINCE JAN 1     45.92                     46.56  -0.64    55.64

SNOWFALL (IN)
  YESTERDAY        0.0
  MONTH TO DATE    0.0
  SINCE JUL 1      0.0

DEGREE DAYS
 HEATING
  YESTERDAY        0                         3     -3        7
  MONTH TO DATE    3                        48    -45       56
  SINCE SEP 1      3                        56    -53       56
  SINCE JUL 1      3                        56    -53       56

 COOLING
  YESTERDAY        7                         3      4        0
  MONTH TO DATE  191                       103     88       87
  SINCE SEP 1   1100                       825    275     1045
  SINCE JAN 1   3552                      2899    653     3528
...................................................................


WIND (MPH)
  HIGHEST WIND SPEED    16   HIGHEST WIND DIRECTION     S (160)
  HIGHEST GUST SPEED    22   HIGHEST GUST DIRECTION     S (170)
  AVERAGE WIND SPEED     5.6


SKY COVER
  AVERAGE SKY COVER 0.4


WEATHER CONDITIONS
THE FOLLOWING WEATHER WAS RECORDED YESTERDAY.
  NO SIGNIFICANT WEATHER WAS OBSERVED.


RELATIVE HUMIDITY (PERCENT)
 HIGHEST    90          1100 PM
 LOWEST     56           100 PM
 AVERAGE    73

..........................................................


THE DAYTONA BEACH CLIMATE NORMALS FOR TODAY
                         NORMAL    RECORD    YEAR
 MAXIMUM TEMPERATURE (F)   74        85      1992
 MINIMUM TEMPERATURE (F)   55        27      1950


SUNRISE AND SUNSET
NOVEMBER 26 2020......SUNRISE   657 AM EST   SUNSET   526 PM EST
NOVEMBER 27 2020......SUNRISE   658 AM EST   SUNSET   526 PM EST


-  INDICATES NEGATIVE NUMBERS.
R  INDICATES RECORD WAS SET OR TIED.
MM INDICATES DATA IS MISSING.
T  INDICATES TRACE AMOUNT.




$$
