000
CDUS45 KVEF 260823
CLIDAG

CLIMATE REPORT
NATIONAL WEATHER SERVICE LAS VEGAS, NV
1223 AM PST THU NOV 26 2020

...................................

...THE BARSTOW-DAGGETT CA CLIMATE SUMMARY FOR NOVEMBER 25 2020...

CLIMATE NORMAL PERIOD: 1981 TO 2010
CLIMATE RECORD PERIOD: 1943 TO 2020


WEATHER ITEM   OBSERVED TIME   RECORD YEAR NORMAL DEPARTURE LAST
                VALUE   (LST)  VALUE       VALUE  FROM      YEAR
                                                  NORMAL
...................................................................
TEMPERATURE (F)
 YESTERDAY
  MAXIMUM         69   4:01 PM  81    1959  65      4       76
  MINIMUM         35   7:08 AM  25    1993  39     -4       42
  AVERAGE         52                        52      0       59

PRECIPITATION (IN)
  YESTERDAY        0.00          0.28 1983   0.02  -0.02     0.00
  MONTH TO DATE    0.03                      0.26  -0.23      T
  SINCE OCT 1      0.03                      0.44  -0.41      T
  SINCE JAN 1      3.21                      3.41  -0.20     3.76

DEGREE DAYS
 HEATING
  YESTERDAY       13                        13      0        6
  MONTH TO DATE  192                       214    -22      105
  SINCE SEP 1    216                       265    -49      190
  SINCE JUL 1    216                       265    -49      190

 COOLING
  YESTERDAY        0                         0      0        0
  MONTH TO DATE   29                         5     24        3
  SINCE SEP 1    926                       611    315      589
  SINCE JAN 1   3562                      2977    585     2999
...................................................................


WIND (MPH)
  RESULTANT WIND SPEED   7   RESULTANT WIND DIRECTION   W (280)
  HIGHEST WIND SPEED    26   HIGHEST WIND DIRECTION     W (280)
  HIGHEST GUST SPEED    33   HIGHEST GUST DIRECTION     W (280)
  AVERAGE WIND SPEED     8.2


SKY COVER
  AVERAGE SKY COVER 0.0


WEATHER CONDITIONS
THE FOLLOWING WEATHER WAS RECORDED YESTERDAY.
  NO SIGNIFICANT WEATHER WAS OBSERVED.


RELATIVE HUMIDITY (PERCENT)
 HIGHEST    48          11:00 PM
 LOWEST     17           2:00 PM
 AVERAGE    33

..........................................................


THE BARSTOW-DAGGETT CA CLIMATE NORMALS FOR TODAY
                         NORMAL    RECORD    YEAR
 MAXIMUM TEMPERATURE (F)   64        83      2017
 MINIMUM TEMPERATURE (F)   38        23      1993
                                             2010


SUNRISE AND SUNSET
NOVEMBER 26 2020......SUNRISE   6:32 AM PST   SUNSET   4:37 PM PST
NOVEMBER 27 2020......SUNRISE   6:33 AM PST   SUNSET   4:36 PM PST


-  INDICATES NEGATIVE NUMBERS.
R  INDICATES RECORD WAS SET OR TIED.
MM INDICATES DATA IS MISSING.
T  INDICATES TRACE AMOUNT.




$$
