000
CDUS41 KRNK 040816
CLIDAN

CLIMATE REPORT
NATIONAL WEATHER SERVICE BLACKSBURG, VA
316 AM EST FRI DEC 04 2020

...................................

...THE DANVILLE VA CLIMATE SUMMARY FOR DECEMBER 3 2020...

CLIMATE NORMAL PERIOD: 1981 TO 2010
CLIMATE RECORD PERIOD: 1916 TO 2020


WEATHER ITEM   OBSERVED TIME   RECORD YEAR NORMAL DEPARTURE LAST
                VALUE   (LST)  VALUE       VALUE  FROM      YEAR
                                                  NORMAL
...................................................................
TEMPERATURE (F)
 YESTERDAY
  MAXIMUM         59   3:14 PM  78    1991  53      6       49
  MINIMUM         25   7:32 AM  15    1944  33     -8       31
                                      1946
  AVERAGE         42                        43     -1       40

PRECIPITATION (IN)
  YESTERDAY        0.00          1.74 1927   0.12  -0.12     0.00
  MONTH TO DATE    0.00                      0.35  -0.35     0.74
  SINCE DEC 1      0.00                      0.35  -0.35     0.74
  SINCE JAN 1     52.88                     41.49  11.39    39.92

SNOWFALL (IN)
  YESTERDAY        0.0                                       0.0
  MONTH TO DATE    0.0                                       0.0
  SINCE DEC 1      0.0                                       0.0
  SINCE JUL 1      0.0                                        T
  SNOW DEPTH       0

DEGREE DAYS
 HEATING
  YESTERDAY       23                        22      1       25
  MONTH TO DATE   74                        65      9       65
  SINCE DEC 1     74                        65      9       65
  SINCE JUL 1    614                       774   -160      778

 COOLING
  YESTERDAY        0                         0      0        0
  MONTH TO DATE    0                         0      0        0
  SINCE DEC 1      0                         0      0        0
  SINCE JAN 1   1531                      1439     92     1768
...................................................................


WIND (MPH)
  RESULTANT WIND SPEED   3   RESULTANT WIND DIRECTION  SW (220)
  HIGHEST WIND SPEED    13   HIGHEST WIND DIRECTION    SW (230)
  HIGHEST GUST SPEED    16   HIGHEST GUST DIRECTION    SW (230)
  AVERAGE WIND SPEED     4.1


SKY COVER
  AVERAGE SKY COVER 0.1


WEATHER CONDITIONS
THE FOLLOWING WEATHER WAS RECORDED YESTERDAY.
  NO SIGNIFICANT WEATHER WAS OBSERVED.


RELATIVE HUMIDITY (PERCENT)
 HIGHEST    81           7:00 AM
 LOWEST     23           2:00 PM
 AVERAGE    52

..........................................................


THE DANVILLE VA CLIMATE NORMALS FOR TODAY
                         NORMAL    RECORD    YEAR
 MAXIMUM TEMPERATURE (F)   53        75      1956
 MINIMUM TEMPERATURE (F)   33        11      1940


SUNRISE AND SUNSET
DECEMBER  4 2020......SUNRISE   7:14 AM EST   SUNSET   5:01 PM EST
DECEMBER  5 2020......SUNRISE   7:15 AM EST   SUNSET   5:01 PM EST


-  INDICATES NEGATIVE NUMBERS.
R  INDICATES RECORD WAS SET OR TIED.
MM INDICATES DATA IS MISSING.
T  INDICATES TRACE AMOUNT.




$$
