000
CDUS41 KILN 282150
CLIDAY

CLIMATE REPORT
NATIONAL WEATHER SERVICE WILMINGTON OH
450 PM EST SAT NOV 28 2020

...................................

...THE DAYTON OH CLIMATE SUMMARY FOR NOVEMBER 28 2020...
VALID TODAY AS OF 0400 PM LOCAL TIME.

CLIMATE NORMAL PERIOD: 1981 TO 2010
CLIMATE RECORD PERIOD: 1869 TO 2020


WEATHER ITEM   OBSERVED TIME   RECORD YEAR NORMAL DEPARTURE LAST
                VALUE   (LST)  VALUE       VALUE  FROM      YEAR
                                                  NORMAL
...................................................................
TEMPERATURE (F)
 TODAY
  MAXIMUM         51   1:56 PM  69    1990  45      6       39
  MINIMUM         31   7:17 AM   6    1930  30      1       35
  AVERAGE         41                        37      4       37

PRECIPITATION (IN)
  TODAY            0.00          1.19 2005   0.11  -0.11     0.00
  MONTH TO DATE    2.49                      3.17  -0.68     1.26
  SINCE SEP 1      7.92                      9.40  -1.48     5.25
  SINCE JAN 1     38.63                     37.71   0.92    39.29

SNOWFALL (IN)
  TODAY            0.0           6.7  1958   0.0    0.0      0.0
  MONTH TO DATE    T                         0.5   -0.5      3.2
  SINCE SEP 1      T                         0.9   -0.9      3.2
  SINCE JUL 1      T                         0.9   -0.9      3.2
  SNOW DEPTH       0

DEGREE DAYS
 HEATING
  TODAY           24                        28     -4       28
  MONTH TO DATE  444                       607   -163      727
  SINCE SEP 1    827                      1052   -225      969
  SINCE JUL 1    827                      1054   -227      969

 COOLING
  TODAY            0                         0      0        0
  MONTH TO DATE    4                         0      4        0
  SINCE SEP 1    150                       109     41      319
  SINCE JAN 1   1210                       891    319     1358
...................................................................


WIND (MPH)
  HIGHEST WIND SPEED    17   HIGHEST WIND DIRECTION    NW (310)
  HIGHEST GUST SPEED    20   HIGHEST GUST DIRECTION    NW (310)
  AVERAGE WIND SPEED     6.2


SKY COVER
  POSSIBLE SUNSHINE  MM
  AVERAGE SKY COVER 0.2


WEATHER CONDITIONS
THE FOLLOWING WEATHER WAS RECORDED TODAY.
  FOG


RELATIVE HUMIDITY (PERCENT)
 HIGHEST   100
 LOWEST     46
 AVERAGE    73

..........................................................


THE DAYTON OH CLIMATE NORMALS FOR TOMORROW
                         NORMAL    RECORD    YEAR
 MAXIMUM TEMPERATURE (F)   44        70      1927
 MINIMUM TEMPERATURE (F)   30         2      1958


SUNRISE AND SUNSET
NOVEMBER 28 2020......SUNRISE   7:37 AM EST   SUNSET   5:13 PM EST
NOVEMBER 29 2020......SUNRISE   7:38 AM EST   SUNSET   5:13 PM EST


-  INDICATES NEGATIVE NUMBERS.
R  INDICATES RECORD WAS SET OR TIED.
MM INDICATES DATA IS MISSING.
T  INDICATES TRACE AMOUNT.




$$
