000
CDUS43 KDVN 282220
CLIDBQ

CLIMATE REPORT
NATIONAL WEATHER SERVICE QUAD CITIES IA IL
420 PM CST SAT NOV 28 2020

...................................

...THE DUBUQUE IA CLIMATE SUMMARY FOR NOVEMBER 28 2020...
VALID TODAY AS OF 0400 PM LOCAL TIME.

CLIMATE NORMAL PERIOD 1981 TO 2010
CLIMATE RECORD PERIOD 1873 TO 2020


WEATHER ITEM   OBSERVED TIME   RECORD YEAR NORMAL DEPARTURE LAST
                VALUE   (LST)  VALUE       VALUE  FROM      YEAR
                                                  NORMAL
...................................................................
TEMPERATURE (F)
 TODAY
  MAXIMUM         51    319 PM  63    1909  38     13       32
  MINIMUM         24    332 AM -12    1887  22      2       27
  AVERAGE         38                        30      8       30

PRECIPITATION (IN)
  TODAY            0.00          0.87 1987   0.08  -0.08     0.01
  MONTH TO DATE    2.89                      2.20   0.69     1.98
  SINCE SEP 1     14.22                      8.32   5.90    22.18
  SINCE JAN 1     37.25                     34.30   2.95    53.31

SNOWFALL (IN)
  TODAY            0.0          MM      MM   0.2   -0.2      0.1
  MONTH TO DATE    2.4                       2.4    0.0      5.5
  SINCE SEP 1      3.5                       2.4    1.1     14.7
  SINCE JUL 1      3.5                       2.4    1.1     14.7
  SNOW DEPTH       0

DEGREE DAYS
 HEATING
  TODAY           27                        35     -8       35
  MONTH TO DATE  619                       778   -159      972
  SINCE SEP 1   1359                      1400    -41     1596
  SINCE JUL 1   1365                      1427    -62     1605

 COOLING
  TODAY            0                         0      0        0
  MONTH TO DATE    2                         0      2        0
  SINCE SEP 1     27                        67    -40      106
  SINCE JAN 1    756                       643    113      679
...................................................................


WIND (MPH)
  HIGHEST WIND SPEED    20   HIGHEST WIND DIRECTION    SW (220)
  HIGHEST GUST SPEED    26   HIGHEST GUST DIRECTION    SW (210)
  AVERAGE WIND SPEED    10.2


SKY COVER
  POSSIBLE SUNSHINE  MM
  AVERAGE SKY COVER 0.0


WEATHER CONDITIONS
THE FOLLOWING WEATHER WAS RECORDED TODAY.
  NO SIGNIFICANT WEATHER WAS OBSERVED.


RELATIVE HUMIDITY (PERCENT)
 HIGHEST    88           600 AM
 LOWEST     52           300 PM
 AVERAGE    70

..........................................................


THE DUBUQUE IA CLIMATE NORMALS FOR TOMORROW
                         NORMAL    RECORD    YEAR
 MAXIMUM TEMPERATURE (F)   37        64      1998
 MINIMUM TEMPERATURE (F)   22       -11      1976


SUNRISE AND SUNSET
NOVEMBER 28 2020......SUNRISE   710 AM CST   SUNSET   432 PM CST
NOVEMBER 29 2020......SUNRISE   711 AM CST   SUNSET   432 PM CST


-  INDICATES NEGATIVE NUMBERS.
R  INDICATES RECORD WAS SET OR TIED.
MM INDICATES DATA IS MISSING.
T  INDICATES TRACE AMOUNT.




$$
