000
CDUS41 KLWX 290532
CLIDCA

CLIMATE REPORT
NATIONAL WEATHER SERVICE BALTIMORE MD/WASHINGTON DC
1232 AM EST SUN NOV 29 2020

...................................

...THE WASHINGTON NATIONAL DC CLIMATE SUMMARY FOR NOVEMBER 28 2020...

CLIMATE NORMAL PERIOD: 1981 TO 2010
CLIMATE RECORD PERIOD: 1871 TO 2020


WEATHER ITEM   OBSERVED TIME   RECORD YEAR NORMAL DEPARTURE LAST
                VALUE   (LST)  VALUE       VALUE  FROM      YEAR
                                                  NORMAL
...................................................................
TEMPERATURE (F)
 YESTERDAY
  MAXIMUM         61   2:20 PM  74    1973  53      8       54
  MINIMUM         46  11:19 PM  15    1930  37      9       43
  AVERAGE         54                        45      9       49

PRECIPITATION (IN)
  YESTERDAY        0.00          2.26 1993   0.10  -0.10     0.00
  MONTH TO DATE    3.75                      2.95   0.80     1.37
  SINCE SEP 1     14.14                     10.07   4.07     8.28
  SINCE JAN 1     49.99                     36.47  13.52    39.06

SNOWFALL (IN)
  YESTERDAY        0.0           3.0  1892   0.0    0.0      0.0
  MONTH TO DATE    0.0                       0.4   -0.4      0.0
  SINCE SEP 1      0.0                       0.4   -0.4      0.0
  SINCE JUL 1      0.0                       0.4   -0.4      0.0
  SNOW DEPTH       0

DEGREE DAYS
 HEATING
  YESTERDAY       11                        20     -9       16
  MONTH TO DATE  286                       426   -140      520
  SINCE SEP 1    440                       655   -215      608
  SINCE JUL 1    440                       655   -215      608

 COOLING
  YESTERDAY        0                         0      0        0
  MONTH TO DATE    1                         0      1        0
  SINCE SEP 1    228                       236     -8      424
  SINCE JAN 1   1760                      1547    213     2066
...................................................................


WIND (MPH)
  HIGHEST WIND SPEED    21   HIGHEST WIND DIRECTION    NW (300)
  HIGHEST GUST SPEED    30   HIGHEST GUST DIRECTION     W (290)
  AVERAGE WIND SPEED     6.0


SKY COVER
  AVERAGE SKY COVER 0.3


WEATHER CONDITIONS
THE FOLLOWING WEATHER WAS RECORDED YESTERDAY.
  NO SIGNIFICANT WEATHER WAS OBSERVED.


RELATIVE HUMIDITY (PERCENT)
 HIGHEST    90           3:00 AM
 LOWEST     33           5:00 PM
 AVERAGE    62

..........................................................


THE WASHINGTON NATIONAL DC CLIMATE NORMALS FOR TODAY
                         NORMAL    RECORD    YEAR
 MAXIMUM TEMPERATURE (F)   52        73      1905
 MINIMUM TEMPERATURE (F)   37        14      1930


SUNRISE AND SUNSET
NOVEMBER 29 2020......SUNRISE   7:06 AM EST   SUNSET   4:47 PM EST
NOVEMBER 30 2020......SUNRISE   7:07 AM EST   SUNSET   4:47 PM EST


-  INDICATES NEGATIVE NUMBERS.
R  INDICATES RECORD WAS SET OR TIED.
MM INDICATES DATA IS MISSING.
T  INDICATES TRACE AMOUNT.




$$
