000
CDUS41 KALY 040655
CLIDDH

CLIMATE REPORT
NATIONAL WEATHER SERVICE ALBANY NY
155 AM EST FRI DEC 04 2020

...................................

...THE BENNINGTON VT CLIMATE SUMMARY FOR DECEMBER 3 2020...

CLIMATE NORMAL PERIOD: 1981 TO 2010
CLIMATE RECORD PERIOD: 9999 TO 9999


WEATHER ITEM   OBSERVED TIME   NORMAL DEPARTURE LAST
                VALUE   (LST)  VALUE  FROM      YEAR
                                      NORMAL
.......................................................
TEMPERATURE (F)
 YESTERDAY
  MAXIMUM         45   3:28 PM  40      5       30
  MINIMUM         24   7:07 AM  25     -1       12
  AVERAGE         35            33      2       21

PRECIPITATION (IN)
  YESTERDAY        0.00          0.10  -0.10     0.09
  MONTH TO DATE    0.04          0.28  -0.24     0.92
  SINCE DEC 1      0.04          0.28  -0.24     0.92
  SINCE JAN 1     33.83         38.19  -4.36    39.63

DEGREE DAYS
 HEATING
  YESTERDAY       30            32     -2       44
  MONTH TO DATE   74            96    -22      123
  SINCE DEC 1     74            96    -22      123
  SINCE JUL 1   1390          1709   -319     1705

 COOLING
  YESTERDAY        0             0      0        0
  MONTH TO DATE    0             0      0        0
  SINCE DEC 1      0             0      0        0
  SINCE JAN 1    575           313    262      375
.......................................................


WIND (MPH)
  HIGHEST WIND SPEED    13   HIGHEST WIND DIRECTION     S (200)
  HIGHEST GUST SPEED    18   HIGHEST GUST DIRECTION     W (250)
  AVERAGE WIND SPEED     4.6


SKY COVER
  AVERAGE SKY COVER 0.2


RELATIVE HUMIDITY (PERCENT)
 HIGHEST    89           8:00 AM
 LOWEST     36           9:00 PM
 AVERAGE    63

..........................................................


THE BENNINGTON VT CLIMATE NORMALS FOR TODAY
                         NORMAL    RECORD
 MAXIMUM TEMPERATURE (F)   40        MM
 MINIMUM TEMPERATURE (F)   25        MM


SUNRISE AND SUNSET
DECEMBER  4 2020......SUNRISE   7:08 AM EST   SUNSET   4:19 PM EST
DECEMBER  5 2020......SUNRISE   7:09 AM EST   SUNSET   4:19 PM EST


-  INDICATES NEGATIVE NUMBERS.
R  INDICATES RECORD WAS SET OR TIED.
MM INDICATES DATA IS MISSING.
T  INDICATES TRACE AMOUNT.




$$
