000
CDUS43 KILX 040726
CLIDEC

CLIMATE REPORT
NATIONAL WEATHER SERVICE LINCOLN IL
126 AM CST FRI DEC 04 2020

...................................

...THE DECATUR IL AIRPORT CLIMATE SUMMARY FOR DECEMBER 3 2020...

CLIMATE NORMAL PERIOD 1981 TO 2010
CLIMATE RECORD PERIOD 9999 TO 9999


WEATHER ITEM   OBSERVED TIME   RECORD YEAR NORMAL DEPARTURE LAST
                VALUE   (LST)  VALUE       VALUE  FROM      YEAR
                                                  NORMAL
...................................................................
TEMPERATURE (F)
 YESTERDAY
  MAXIMUM         48    123 PM  MM      MM  43      5       40
  MINIMUM         22    211 AM  MM      MM  27     -5       26
  AVERAGE         35                        35      0       33

PRECIPITATION (IN)
  YESTERDAY        0.00         MM      MM   0.07  -0.07     0.00
  MONTH TO DATE    0.00                      0.24  -0.24     0.10
  SINCE DEC 1      0.00                      0.24  -0.24     0.10
  SINCE JAN 1     35.45                     36.15  -0.70    39.28

DEGREE DAYS
 HEATING
  YESTERDAY       30                        30      0       32
  MONTH TO DATE   99                        89     10       90
  SINCE DEC 1     99                        89     10       90
  SINCE JUL 1   1084                      1170    -86     1308

 COOLING
  YESTERDAY        0                         0      0        0
  MONTH TO DATE    0                         0      0        0
  SINCE DEC 1      0                         0      0        0
  SINCE JAN 1   1116                      1048     68     1225
...................................................................


WIND (MPH)
  HIGHEST WIND SPEED    17   HIGHEST WIND DIRECTION    SW (220)
  HIGHEST GUST SPEED    23   HIGHEST GUST DIRECTION     S (190)
  AVERAGE WIND SPEED     5.8


SKY COVER
  POSSIBLE SUNSHINE  MM
  AVERAGE SKY COVER 0.3


WEATHER CONDITIONS
THE FOLLOWING WEATHER WAS RECORDED YESTERDAY.
  NO SIGNIFICANT WEATHER WAS OBSERVED.


RELATIVE HUMIDITY (PERCENT)
 HIGHEST    92          1100 PM
 LOWEST     46           100 PM
 AVERAGE    69

..........................................................


THE DECATUR IL AIRPORT CLIMATE NORMALS FOR TODAY
                         NORMAL    RECORD    YEAR
 MAXIMUM TEMPERATURE (F)   42        MM        MM
 MINIMUM TEMPERATURE (F)   26        MM        MM


SUNRISE AND SUNSET
DECEMBER  4 2020......SUNRISE   701 AM CST   SUNSET   431 PM CST
DECEMBER  5 2020......SUNRISE   702 AM CST   SUNSET   431 PM CST


-  INDICATES NEGATIVE NUMBERS.
R  INDICATES RECORD WAS SET OR TIED.
MM INDICATES DATA IS MISSING.
T  INDICATES TRACE AMOUNT.




$$
