000
CDUS44 KSHV 282255
CLIDEQ

CLIMATE REPORT
NATIONAL WEATHER SERVICE SHREVEPORT, LA
455 PM CST SAT NOV 28 2020

...................................

...THE DE QUEEN CLIMATE SUMMARY FOR NOVEMBER 28 2020...
VALID TODAY AS OF 0400 PM LOCAL TIME.

CLIMATE NORMAL PERIOD: 1981 TO 2010
CLIMATE RECORD PERIOD: 1902 TO 2020


WEATHER ITEM   OBSERVED TIME   RECORD YEAR NORMAL DEPARTURE LAST
                VALUE   (LST)  VALUE       VALUE  FROM      YEAR
                                                  NORMAL
...................................................................
TEMPERATURE (F)
 TODAY
  MAXIMUM         57   2:40 PM  80    1989  60     -3       50
  MINIMUM         38   6:13 AM  18    1938  34      4       42
                                      1969
  AVERAGE         48                        47      1       46

PRECIPITATION (IN)
  TODAY            0.00          2.11 2001   0.15  -0.15     0.25
  MONTH TO DATE    0.53                      4.62  -4.09     3.17
  SINCE SEP 1      7.32                     12.75  -5.43    11.74
  SINCE JAN 1     58.81                     44.34  14.47    49.90

SNOWFALL (IN)
  TODAY            0.0
  MONTH TO DATE    0.0
  SINCE SEP 1      0.0
  SINCE JUL 1      0.0
  SNOW DEPTH       0

DEGREE DAYS
 HEATING
  TODAY           17                        18     -1       19
  MONTH TO DATE  240                       355   -115      430
  SINCE SEP 1    395                       488    -93      604
  SINCE JUL 1    395                       488    -93      604

 COOLING
  TODAY            0                         0      0        0
  MONTH TO DATE    7                         5      2        2
  SINCE SEP 1    369                       347     22      597
  SINCE JAN 1   2041                      1939    102     2315
...................................................................


WIND (MPH)
  HIGHEST WIND SPEED    16   HIGHEST WIND DIRECTION     E (90)
  HIGHEST GUST SPEED    25   HIGHEST GUST DIRECTION     E (80)
  AVERAGE WIND SPEED     4.7


SKY COVER
  POSSIBLE SUNSHINE  MM
  AVERAGE SKY COVER 0.0


WEATHER CONDITIONS
THE FOLLOWING WEATHER WAS RECORDED TODAY.
  FOG


RELATIVE HUMIDITY (PERCENT)
 HIGHEST   100           2:00 AM
 LOWEST     40           1:00 PM
 AVERAGE    70

..........................................................


THE DE QUEEN CLIMATE NORMALS FOR TOMORROW
                         NORMAL    RECORD    YEAR
 MAXIMUM TEMPERATURE (F)   59        78      2018
 MINIMUM TEMPERATURE (F)   34         8      1976


SUNRISE AND SUNSET
NOVEMBER 28 2020......SUNRISE   7:03 AM CST   SUNSET   5:09 PM CST
NOVEMBER 29 2020......SUNRISE   7:04 AM CST   SUNSET   5:08 PM CST


-  INDICATES NEGATIVE NUMBERS.
R  INDICATES RECORD WAS SET OR TIED.
MM INDICATES DATA IS MISSING.
T  INDICATES TRACE AMOUNT.




$$
