000
CDUS46 KOTX 260841
CLIDEW

CLIMATE REPORT
NATIONAL WEATHER SERVICE SPOKANE WA
1241 AM PST THU NOV 26 2020

...................................

...THE DEER_PARK WA AIRPORT CLIMATE SUMMARY FOR NOVEMBER 25 2020...

CLIMATE NORMAL PERIOD 1981 TO 2010
CLIMATE RECORD PERIOD 9999 TO 9999


WEATHER ITEM   OBSERVED TIME   RECORD YEAR NORMAL DEPARTURE LAST
                VALUE   (LST)  VALUE       VALUE  FROM      YEAR
                                                  NORMAL
...................................................................
TEMPERATURE (F)
 YESTERDAY
  MAXIMUM         38    229 PM  MM      MM  37      1       35
  MINIMUM         28   1102 PM  MM      MM  24      4       15
  AVERAGE         33                        30      3       25

PRECIPITATION (IN)
  YESTERDAY        0.02         MM      MM   0.12  -0.10     0.00
  MONTH TO DATE    1.78                      2.73  -0.95     0.92
  SINCE OCT 1      4.03                      4.35  -0.32     2.96
  SINCE JAN 1     18.87                     18.79   0.08    16.25

SNOWFALL (IN)
  YESTERDAY       MM

DEGREE DAYS
 HEATING
  YESTERDAY       32                        34     -2       40
  MONTH TO DATE  746                       758    -12      738
  SINCE SEP 1   1587                      1682    -95     1815
  SINCE JUL 1   1711                      1826   -115     1883

 COOLING
  YESTERDAY        0                         0      0        0
  MONTH TO DATE    0                         0      0        0
  SINCE SEP 1     17                        12      5        4
  SINCE JAN 1    219                       187     32      159
...................................................................


WIND (MPH)
  HIGHEST WIND SPEED    15   HIGHEST WIND DIRECTION    SW (230)
  HIGHEST GUST SPEED    21   HIGHEST GUST DIRECTION    SW (230)
  AVERAGE WIND SPEED     4.8


SKY COVER
  POSSIBLE SUNSHINE  MM
  AVERAGE SKY COVER 0.9


WEATHER CONDITIONS
THE FOLLOWING WEATHER WAS RECORDED YESTERDAY.
  LIGHT RAIN
  FOG
  FOG W/VISIBILITY <= 1/4 MILE


RELATIVE HUMIDITY (PERCENT)
 HIGHEST    96          1100 PM
 LOWEST     75           100 PM
 AVERAGE    86

..........................................................


THE DEER_PARK WA AIRPORT CLIMATE NORMALS FOR TODAY
                         NORMAL    RECORD    YEAR
 MAXIMUM TEMPERATURE (F)   37        MM        MM
 MINIMUM TEMPERATURE (F)   24        MM        MM


SUNRISE AND SUNSET
NOVEMBER 26 2020......SUNRISE   713 AM PST   SUNSET   401 PM PST
NOVEMBER 27 2020......SUNRISE   714 AM PST   SUNSET   401 PM PST


-  INDICATES NEGATIVE NUMBERS.
R  INDICATES RECORD WAS SET OR TIED.
MM INDICATES DATA IS MISSING.
T  INDICATES TRACE AMOUNT.




$$
