000
CDUS44 KFWD 290647
CLIDFW

CLIMATE REPORT
NATIONAL WEATHER SERVICE
1247 AM CST SUN NOV 29 2020

...................................

...THE DALLAS/FORT WORTH CLIMATE SUMMARY FOR NOVEMBER 28 2020...

CLIMATE NORMAL PERIOD 1981 TO 2010
CLIMATE RECORD PERIOD 1898 TO 2020


WEATHER ITEM   OBSERVED TIME   RECORD YEAR NORMAL DEPARTURE LAST
                VALUE   (LST)  VALUE       VALUE  FROM      YEAR
                                                  NORMAL
...................................................................
TEMPERATURE (F)
 YESTERDAY
  MAXIMUM         60    118 PM  81    1926  62     -2       49
                                      1949
  MINIMUM         47   1159 PM  24    1955  41      6       42
                                      1976
  AVERAGE         54                        52      2       46

PRECIPITATION (IN)
  YESTERDAY        0.48          1.68 1919   0.08   0.40     0.44
  MONTH TO DATE    1.07                      2.56  -1.49     1.39
  SINCE SEP 1      6.68                      9.33  -2.65     5.81
  SINCE JAN 1     40.69                     33.44   7.25    32.94

SNOWFALL (IN)
  YESTERDAY        0.0           T    1976   0.0    0.0      0.0
                                      1995
                                      2001
  MONTH TO DATE    0.0                       0.0    0.0      0.0
  SINCE SEP 1      0.0                       0.0    0.0      0.0
  SINCE JUL 1      0.0                       0.0    0.0      0.0
  SNOW DEPTH       0

DEGREE DAYS
 HEATING
  YESTERDAY       11                        14     -3       19
  MONTH TO DATE  119                       253   -134      337
  SINCE SEP 1    263                       325    -62      485
  SINCE JUL 1    263                       325    -62      485

 COOLING
  YESTERDAY        0                         0      0        0
  MONTH TO DATE   29                        27      2        7
  SINCE SEP 1    477                       568    -91      803
  SINCE JAN 1   2788                      2750     38     3005
...................................................................


WIND (MPH)
  HIGHEST WIND SPEED    16   HIGHEST WIND DIRECTION     E (70)
  HIGHEST GUST SPEED    21   HIGHEST GUST DIRECTION    NE (60)
  AVERAGE WIND SPEED     9.7


SKY COVER
  POSSIBLE SUNSHINE  MM
  AVERAGE SKY COVER 0.9


WEATHER CONDITIONS
THE FOLLOWING WEATHER WAS RECORDED YESTERDAY.
  HEAVY RAIN
  RAIN
  LIGHT RAIN
  FOG


RELATIVE HUMIDITY (PERCENT)
 HIGHEST   100           700 PM
 LOWEST     58           200 PM
 AVERAGE    79

..........................................................


THE DALLAS/FORT WORTH CLIMATE NORMALS FOR TODAY
                         NORMAL    RECORD    YEAR
 MAXIMUM TEMPERATURE (F)   61        83      1927
 MINIMUM TEMPERATURE (F)   41        22      1976


SUNRISE AND SUNSET
NOVEMBER 29 2020......SUNRISE   712 AM CST   SUNSET   522 PM CST
NOVEMBER 30 2020......SUNRISE   712 AM CST   SUNSET   521 PM CST


-  INDICATES NEGATIVE NUMBERS.
R  INDICATES RECORD WAS SET OR TIED.
MM INDICATES DATA IS MISSING.
T  INDICATES TRACE AMOUNT.




$$
