000
CDUS43 KDDC 041445
CLIDGC

CLIMATE REPORT
NATIONAL WEATHER SERVICE
845 AM CST FRI DEC 04 2020

...................................

...THE DODGE CITY KS CLIMATE SUMMARY FOR DECEMBER 4 2020...
VALID AS OF 0825 AM LOCAL TIME.

CLIMATE NORMAL PERIOD 1981 TO 2010
CLIMATE RECORD PERIOD 1875 TO 2020


WEATHER ITEM   OBSERVED TIME   RECORD YEAR NORMAL DEPARTURE LAST
                VALUE   (LST)  VALUE       VALUE  FROM      YEAR
                                                  NORMAL
...................................................................
TEMPERATURE (F)
 TODAY
  MAXIMUM         27    759 AM  74    1965  47    -20       61
  MINIMUM         23    406 AM   1    1909  23      0       29
  AVERAGE         25                        35    -10       45

PRECIPITATION (IN)
  TODAY            0.00          0.69 1977   0.02  -0.02     0.00
  MONTH TO DATE    0.42                      0.10   0.32     0.00
  SINCE DEC 1      0.42                      0.10   0.32     0.00
  SINCE JAN 1     22.06                     20.86   1.20    21.57

SNOWFALL (IN)
  TODAY           MM             5.5  1904   0.1             0.0
  MONTH TO DATE    2.7                       0.5             0.0
  SINCE DEC 1      2.7                       0.5             0.0
  SINCE JUL 1      4.4                       2.7             1.5
  SNOW DEPTH      MM

DEGREE DAYS
 HEATING
  TODAY           40                        30     10       20
  MONTH TO DATE  129                       118     11       97
  SINCE DEC 1    129                       118     11       97
  SINCE JUL 1   1076                      1132    -56     1211

 COOLING
  TODAY            0                         0      0        0
  MONTH TO DATE    0                         0      0        0
  SINCE DEC 1      0                         0      0        0
  SINCE JAN 1   1583                      1463    120     1689
...................................................................


WIND (MPH)
  HIGHEST WIND SPEED    15   HIGHEST WIND DIRECTION    NW (300)
  HIGHEST GUST SPEED    19   HIGHEST GUST DIRECTION    NW (300)
  AVERAGE WIND SPEED    10.4


WEATHER CONDITIONS
THE FOLLOWING WEATHER WAS RECORDED TODAY.
  NO SIGNIFICANT WEATHER WAS OBSERVED.


RELATIVE HUMIDITY (PERCENT)
 HIGHEST    81           300 AM
 LOWEST     66           800 AM
 AVERAGE    74

..........................................................


THE DODGE CITY KS CLIMATE NORMALS FOR TOMORROW
                         NORMAL    RECORD    YEAR
 MAXIMUM TEMPERATURE (F)   46        74      1918
 MINIMUM TEMPERATURE (F)   23        -4      1909


SUNRISE AND SUNSET
DECEMBER  4 2020......SUNRISE   740 AM CST   SUNSET   521 PM CST
DECEMBER  5 2020......SUNRISE   741 AM CST   SUNSET   521 PM CST


-  INDICATES NEGATIVE NUMBERS.
R  INDICATES RECORD WAS SET OR TIED.
MM INDICATES DATA IS MISSING.
T  INDICATES TRACE AMOUNT.




$$
