000
CDUS42 KTAE 282235
CLIDHN

CLIMATE REPORT
NATIONAL WEATHER SERVICE TALLAHASSEE FL
535 PM EST SAT NOV 28 2020

...................................

...THE DOTHAN CLIMATE SUMMARY FOR NOVEMBER 28 2020...
VALID TODAY AS OF 0500 PM LOCAL TIME.

CLIMATE NORMAL PERIOD 1981 TO 2010
CLIMATE RECORD PERIOD 1965 TO 2020


WEATHER ITEM   OBSERVED TIME   NORMAL DEPARTURE LAST
                VALUE   (LST)  VALUE  FROM      YEAR
                                      NORMAL
.......................................................
TEMPERATURE (F)
 TODAY
  MAXIMUM         71   1222 PM  67      4       71
  MINIMUM         64    834 AM  43     21       47
  AVERAGE         68            55     13       59

PRECIPITATION (IN)
  TODAY            0.61          0.17   0.44     0.00
  MONTH TO DATE    1.03          3.81  -2.78     1.99
  SINCE SEP 1      9.95         10.81  -0.86     6.93
  SINCE JAN 1     49.43         49.20   0.23    32.23

SNOWFALL (IN)
  TODAY            0.0

DEGREE DAYS
 HEATING
  TODAY            0                  -10
  MONTH TO DATE   78                 -119
  SINCE SEP 1     95                 -161
  SINCE JUL 1     95                 -161

 COOLING
  TODAY            3                    3
  MONTH TO DATE  100                   68
  SINCE SEP 1    712                  197
  SINCE JAN 1   3030                  635
.......................................................


WIND (MPH)
  HIGHEST WIND SPEED    14   HIGHEST WIND DIRECTION     N (360)
  HIGHEST GUST SPEED    18   HIGHEST GUST DIRECTION    NW (330)
  AVERAGE WIND SPEED     7.2


RELATIVE HUMIDITY (PERCENT)
 HIGHEST   100
 LOWEST     73
 AVERAGE    87

..........................................................


THE DOTHAN CLIMATE NORMALS FOR TOMORROW
                         NORMAL




SUNRISE AND SUNSET
NOVEMBER 28 2020......SUNRISE   621 AM CST   SUNSET   439 PM CST
NOVEMBER 29 2020......SUNRISE   622 AM CST   SUNSET   439 PM CST


-  INDICATES NEGATIVE NUMBERS.
R  INDICATES RECORD WAS SET OR TIED.
MM INDICATES DATA IS MISSING.
T  INDICATES TRACE AMOUNT.




$$
