000
CDUS44 KAMA 280733
CLIDHT

CLIMATE REPORT
NATIONAL WEATHER SERVICE AMARILLO
133 AM CST SAT NOV 28 2020

...................................

...THE DALHART CLIMATE SUMMARY FOR NOVEMBER 27 2020...

CLIMATE NORMAL PERIOD: 1981 TO 2010
CLIMATE RECORD PERIOD: 1948 TO 2020


WEATHER ITEM   OBSERVED TIME   RECORD YEAR NORMAL DEPARTURE LAST
                VALUE   (LST)  VALUE       VALUE  FROM      YEAR
                                                  NORMAL
...................................................................
TEMPERATURE (F)
 YESTERDAY
  MAXIMUM         50   3:48 PM  84    2017  54     -4       40
  MINIMUM         29   7:34 AM  -4    1976  23      6       11
  AVERAGE         40                        39      1       26

PRECIPITATION (IN)
  YESTERDAY        T             0.25 2005   0.01  -0.01     0.10
  MONTH TO DATE    0.19                      0.54  -0.35     0.16
  SINCE SEP 1      2.16                      3.66  -1.50     3.28
  SINCE JAN 1      9.78                     17.01  -7.23    13.09

SNOWFALL (IN)
  YESTERDAY        0.0           2.6  1982   0.1   -0.1      0.5
  MONTH TO DATE    0.0                       1.1   -1.1      1.0
  SINCE SEP 1      9.1                       1.7    7.4      3.5
  SINCE JUL 1      9.1                       1.7    7.4      3.5
  SNOW DEPTH       0

DEGREE DAYS
 HEATING
  YESTERDAY       25                        26     -1       39
  MONTH TO DATE  396                       552   -156      572
  SINCE SEP 1    808                       909   -101     1014
  SINCE JUL 1    808                       912   -104     1014

 COOLING
  YESTERDAY        0                         0      0        0
  MONTH TO DATE    0                         0      0        0
  SINCE SEP 1    158                       142     16      322
  SINCE JAN 1   1631                      1138    493     1496
...................................................................


WIND (MPH)
  RESULTANT WIND SPEED  10   RESULTANT WIND DIRECTION  NE (30)
  HIGHEST WIND SPEED    20   HIGHEST WIND DIRECTION    NE (50)
  HIGHEST GUST SPEED    28   HIGHEST GUST DIRECTION    NE (40)
  AVERAGE WIND SPEED    11.5


SKY COVER
  AVERAGE SKY COVER 0.2


WEATHER CONDITIONS
THE FOLLOWING WEATHER WAS RECORDED YESTERDAY.
  LIGHT RAIN


RELATIVE HUMIDITY (PERCENT)
 HIGHEST    85           7:00 AM
 LOWEST     39           4:00 PM
 AVERAGE    62

..........................................................


THE DALHART CLIMATE NORMALS FOR TODAY
                         NORMAL    RECORD    YEAR
 MAXIMUM TEMPERATURE (F)   54        82      2014
 MINIMUM TEMPERATURE (F)   23        -5      1976


SUNRISE AND SUNSET
NOVEMBER 28 2020......SUNRISE   7:40 AM CST   SUNSET   5:36 PM CST
NOVEMBER 29 2020......SUNRISE   7:41 AM CST   SUNSET   5:36 PM CST


-  INDICATES NEGATIVE NUMBERS.
R  INDICATES RECORD WAS SET OR TIED.
MM INDICATES DATA IS MISSING.
T  INDICATES TRACE AMOUNT.




$$
