226
CDUS44 KAMA 122135
CLIDHT

CLIMATE REPORT
NATIONAL WEATHER SERVICE AMARILLO
435 PM CDT SAT JUN 12 2021

...................................

...THE DALHART CLIMATE SUMMARY FOR JUNE 12 2021...
VALID TODAY AS OF 0400 PM LOCAL TIME.

CLIMATE NORMAL PERIOD: 1991 TO 2020
CLIMATE RECORD PERIOD: 1948 TO 2021


WEATHER ITEM   OBSERVED TIME   RECORD YEAR NORMAL DEPARTURE LAST
                VALUE   (LST)  VALUE       VALUE  FROM      YEAR
                                                  NORMAL
...................................................................
TEMPERATURE (F)
 TODAY
  MAXIMUM         85   3:27 PM 102    2011  90     -5       97
                                      2017
  MINIMUM         67   4:04 AM  48    1970  59      8       66
  AVERAGE         76                        74      2       82

PRECIPITATION (IN)
  TODAY            0.00          0.74 2010   0.07  -0.07     0.00
                                      2010
                                      2018
  MONTH TO DATE    T                         0.88  -0.88     0.10
  SINCE JUN 1      T                         0.88  -0.88     0.10
  SINCE JAN 1      3.76                      5.57  -1.81     2.61

SNOWFALL (IN)
  TODAY            0.0           0.0    MM   0.0    0.0      0.0
  MONTH TO DATE    0.0                       0.0    0.0      0.0
  SINCE JUN 1      0.0                       0.0    0.0      0.0
  SINCE JUL 1     27.4                      20.3    7.1     12.2
  SNOW DEPTH       0

DEGREE DAYS
 HEATING
  TODAY            0                         0      0        0
  MONTH TO DATE    4                         1      3        0
  SINCE JUN 1      4                         1      3        0
  SINCE JUL 1   4642                      4361    281     4285

 COOLING
  TODAY           11                        10      1       17
  MONTH TO DATE   99                        97      2      153
  SINCE JUN 1     99                        97      2      153
  SINCE JAN 1    189                       204    -15      314
...................................................................


WIND (MPH)
  RESULTANT WIND SPEED  10   RESULTANT WIND DIRECTION  NE (50)
  HIGHEST WIND SPEED    18   HIGHEST WIND DIRECTION     E (70)
  HIGHEST GUST SPEED    24   HIGHEST GUST DIRECTION     E (80)
  AVERAGE WIND SPEED    11.1


SKY COVER
  AVERAGE SKY COVER 0.8


WEATHER CONDITIONS
THE FOLLOWING WEATHER WAS RECORDED TODAY.
  FOG
  HAZE


RELATIVE HUMIDITY (PERCENT)
 HIGHEST    90           7:00 AM
 LOWEST     59          12:00 AM
 AVERAGE    75

..........................................................


THE DALHART CLIMATE NORMALS FOR TOMORROW
                         NORMAL    RECORD    YEAR
 MAXIMUM TEMPERATURE (F)   90       103      2011
 MINIMUM TEMPERATURE (F)   59        49      2005


SUNRISE AND SUNSET
JUNE 12 2021..........SUNRISE   6:33 AM CDT   SUNSET   9:08 PM CDT
JUNE 13 2021..........SUNRISE   6:33 AM CDT   SUNSET   9:08 PM CDT


-  INDICATES NEGATIVE NUMBERS.
R  INDICATES RECORD WAS SET OR TIED.
MM INDICATES DATA IS MISSING.
T  INDICATES TRACE AMOUNT.




$$
