000
CDUS43 KBIS 280740
CLIDIK


CLIMATE REPORT
NATIONAL WEATHER SERVICE BISMARCK ND
139 AM CST SAT NOV 28 2020


...................................

...THE DICKINSON ND CLIMATE SUMMARY FOR NOVEMBER 27 2020...

CLIMATE NORMAL PERIOD 1981 TO 2010
CLIMATE RECORD PERIOD 1893 TO 2020


WEATHER ITEM   OBSERVED TIME   RECORD YEAR NORMAL DEPARTURE LAST
                VALUE   (LST)  VALUE       VALUE  FROM      YEAR
                                                  NORMAL
..................................................................
TEMPERATURE (F)
 YESTERDAY
  MAXIMUM         50    245 PM  68    1949  34     16       25
  MINIMUM         17    301 AM -15    1985  14      3       18
  AVERAGE         34                        24     10       22

PRECIPITATION (IN)
  YESTERDAY        0.00          0.36 1905   0.01  -0.01     0.00
  MONTH TO DATE    0.09                      0.51  -0.42     0.09
  SINCE SEP 1      1.35                      3.21  -1.86     6.98
  SINCE JAN 1      7.83                     15.50  -7.67    17.25

DEGREE DAYS
 HEATING
  YESTERDAY       31                        41    -10       43
  MONTH TO DATE  775                       938   -163      981
  SINCE SEP 1   1827                      1863    -36     2044
  SINCE JUL 1   1843                      1949   -106     2118

 COOLING
  YESTERDAY        0                         0      0        0
  MONTH TO DATE    0                         0      0        0
  SINCE SEP 1     15                        33    -18       40
  SINCE JAN 1    488                       419     69      331
..................................................................


WIND (MPH)
  HIGHEST WIND SPEED    28   HIGHEST WIND DIRECTION     W (260)
  HIGHEST GUST SPEED    33   HIGHEST GUST DIRECTION     W (260)
  AVERAGE WIND SPEED    13.8


SKY COVER
  POSSIBLE SUNSHINE  MM
  AVERAGE SKY COVER 0.0


WEATHER CONDITIONS
 THE FOLLOWING WEATHER WAS RECORDED YESTERDAY.
  NO SIGNIFICANT WEATHER WAS OBSERVED.


RELATIVE HUMIDITY (PERCENT)
 HIGHEST    92           300 AM
 LOWEST     29           100 PM
 AVERAGE    61

..........................................................


THE DICKINSON ND CLIMATE NORMALS FOR TODAY
                         NORMAL    RECORD    YEAR
 MAXIMUM TEMPERATURE (F)   33        59      2002
 MINIMUM TEMPERATURE (F)   13       -20      1896


SUNRISE AND SUNSET
NOVEMBER 28 2020......SUNRISE   712 AM MST   SUNSET   406 PM MST
NOVEMBER 29 2020......SUNRISE   714 AM MST   SUNSET   405 PM MST


-  INDICATES NEGATIVE NUMBERS.
R  INDICATES RECORD WAS SET OR TIED.
MM INDICATES DATA IS MISSING.
T  INDICATES TRACE AMOUNT.




$$
