093
CDUS43 KBIS 130022
CLIDIK

CLIMATE REPORT
NATIONAL WEATHER SERVICE BISMARCK, ND
722 PM CDT SAT JUN 12 2021

...................................

...THE DICKINSON ND CLIMATE SUMMARY FOR JUNE 12 2021...
VALID TODAY AS OF 0500 PM LOCAL TIME.

CLIMATE NORMAL PERIOD: 1991 TO 2020
CLIMATE RECORD PERIOD: 1893 TO 2021


WEATHER ITEM   OBSERVED TIME   RECORD YEAR NORMAL DEPARTURE LAST
                VALUE   (LST)  VALUE       VALUE  FROM      YEAR
                                                  NORMAL
...................................................................
TEMPERATURE (F)
 TODAY
  MAXIMUM         82   2:52 PM  97    1952  75      7       85
  MINIMUM         46   2:50 AM  35    1896  49     -3       48
                                      1985
  AVERAGE         64                        62      2       67

PRECIPITATION (IN)
  TODAY            0.00          1.65 2011   0.10  -0.10     0.00
  MONTH TO DATE    1.01                      1.23  -0.22     0.42
  SINCE JUN 1      1.01                      1.23  -0.22     0.42
  SINCE JAN 1      5.34                      6.28  -0.94     2.31

DEGREE DAYS
 HEATING
  TODAY            1                         5     -4        0
  MONTH TO DATE    7                        70    -63       35
  SINCE JUN 1      7                        70    -63       35
  SINCE JUL 1   7702                      8418   -716     8379

 COOLING
  TODAY            0                         1     -1        2
  MONTH TO DATE   74                        12     62       16
  SINCE JUN 1     74                        12     62       16
  SINCE JAN 1     82                        20     62       24
...................................................................


WIND (MPH)
  RESULTANT WIND SPEED   7   RESULTANT WIND DIRECTION   S (170)
  HIGHEST WIND SPEED    18   HIGHEST WIND DIRECTION     S (160)
  HIGHEST GUST SPEED    23   HIGHEST GUST DIRECTION     S (160)
  AVERAGE WIND SPEED     8.3


SKY COVER
  POSSIBLE SUNSHINE  MM
  AVERAGE SKY COVER 0.0


WEATHER CONDITIONS
THE FOLLOWING WEATHER WAS RECORDED TODAY.
  NO SIGNIFICANT WEATHER WAS OBSERVED.


RELATIVE HUMIDITY (PERCENT)
 HIGHEST    74           1:00 AM
 LOWEST     26          10:00 AM
 AVERAGE    50

..........................................................


THE DICKINSON ND CLIMATE NORMALS FOR TOMORROW
                         NORMAL    RECORD    YEAR
 MAXIMUM TEMPERATURE (F)   75       104      1979
 MINIMUM TEMPERATURE (F)   49        34      1916


SUNRISE AND SUNSET
JUNE 12 2021..........SUNRISE   4:57 AM MDT   SUNSET   8:46 PM MDT
JUNE 13 2021..........SUNRISE   4:57 AM MDT   SUNSET   8:46 PM MDT


-  INDICATES NEGATIVE NUMBERS.
R  INDICATES RECORD WAS SET OR TIED.
MM INDICATES DATA IS MISSING.
T  INDICATES TRACE AMOUNT.




$$
