496
CDUS43 KDLH 290625
CLIDLH

CLIMATE REPORT
NATIONAL WEATHER SERVICE DULUTH MN
1225 AM CST SUN NOV 29 2020

...................................

...THE DULUTH CLIMATE SUMMARY FOR NOVEMBER 28 2020...

CLIMATE NORMAL PERIOD: 1981 TO 2010
CLIMATE RECORD PERIOD: 1870 TO 2020


WEATHER ITEM   OBSERVED TIME   RECORD YEAR NORMAL DEPARTURE LAST
                VALUE   (LST)  VALUE       VALUE  FROM      YEAR
                                                  NORMAL
...................................................................
TEMPERATURE (F)
 YESTERDAY
  MAXIMUM         43   2:09 PM  49    1899  29     14       27
  MINIMUM         26   3:26 AM -16    1875  15     11       13
  AVERAGE         35                        22     13       20

PRECIPITATION (IN)
  YESTERDAY        0.00          2.24 1960   0.05  -0.05      T
  MONTH TO DATE    2.45                      1.97   0.48     1.30
  SINCE SEP 1      6.08                      8.93  -2.85    11.48
  SINCE JAN 1     20.27                     29.63  -9.36    30.65

SNOWFALL (IN)
  YESTERDAY        0.0          11.4  1960   0.5   -0.5       T
  MONTH TO DATE   19.2                      12.5    6.7     13.2
  SINCE SEP 1     31.2                      14.9   16.3     14.1
  SINCE JUL 1     31.2                      14.9   16.3     14.1
  SNOW DEPTH       4

DEGREE DAYS
 HEATING
  YESTERDAY       30                        43    -13       45
  MONTH TO DATE  862                      1002   -140     1083
  SINCE SEP 1   1998                      1978     20     1880
  SINCE JUL 1   2044                      2127    -83     1928

 COOLING
  YESTERDAY        0                         0      0        0
  MONTH TO DATE    0                         0      0        0
  SINCE SEP 1      2                        14    -12       20
  SINCE JAN 1    357                       204    153      342
...................................................................


WIND (MPH)
  HIGHEST WIND SPEED    16   HIGHEST WIND DIRECTION     W (250)
  HIGHEST GUST SPEED    22   HIGHEST GUST DIRECTION     W (250)
  AVERAGE WIND SPEED    10.0


SKY COVER
  AVERAGE SKY COVER 0.1


WEATHER CONDITIONS
THE FOLLOWING WEATHER WAS RECORDED YESTERDAY.
  NO SIGNIFICANT WEATHER WAS OBSERVED.


RELATIVE HUMIDITY (PERCENT)
 HIGHEST    78           3:00 AM
 LOWEST     55           3:00 PM
 AVERAGE    67

..........................................................


THE DULUTH CLIMATE NORMALS FOR TODAY
                         NORMAL    RECORD    YEAR
 MAXIMUM TEMPERATURE (F)   28        53      1932
 MINIMUM TEMPERATURE (F)   15       -29      1875


SUNRISE AND SUNSET
NOVEMBER 29 2020......SUNRISE   7:31 AM CST   SUNSET   4:23 PM CST
NOVEMBER 30 2020......SUNRISE   7:33 AM CST   SUNSET   4:22 PM CST


-  INDICATES NEGATIVE NUMBERS.
R  INDICATES RECORD WAS SET OR TIED.
MM INDICATES DATA IS MISSING.
T  INDICATES TRACE AMOUNT.




$$
