000
CDUS45 KTFX 282340
CLIDLN

CLIMATE REPORT
NATIONAL WEATHER SERVICE GREAT FALLS MT
440 PM MST SAT NOV 28 2020

...................................

...THE DILLON AIRPORT MT CLIMATE SUMMARY FOR NOVEMBER 28 2020...
VALID TODAY AS OF 0400 PM LOCAL TIME.

CLIMATE NORMAL PERIOD 1981 TO 2010
CLIMATE RECORD PERIOD 1929 TO 2020


WEATHER ITEM   OBSERVED TIME   RECORD YEAR NORMAL DEPARTURE LAST
                VALUE   (LST)  VALUE       VALUE  FROM      YEAR
                                                  NORMAL
...................................................................
TEMPERATURE (F)
 TODAY
  MAXIMUM         42    247 PM  56    1945  34      8       17
  MINIMUM         18    632 AM -14    1952  14      4       -3
  AVERAGE         30                        24      6        7

PRECIPITATION (IN)
  TODAY            0.00          0.18 1964   0.01  -0.01      T
  MONTH TO DATE    0.21                      0.35  -0.14     0.08
  SINCE OCT 1      0.25                      1.11  -0.86     0.50
  SINCE JAN 1      4.52                     10.28  -5.76     8.09

DEGREE DAYS
 HEATING
  TODAY           35                        41     -6       58
  MONTH TO DATE  924                       952    -28      896
  SINCE SEP 1   1884                      1932    -48     2193
  SINCE JUL 1   1987                      2068    -81     2329

 COOLING
  TODAY            0                         0      0        0
  MONTH TO DATE    0                         0      0        0
  SINCE SEP 1     16                         8      8       21
  SINCE JAN 1    163                       156      7      124
...................................................................


WIND (MPH)
  HIGHEST WIND SPEED    26   HIGHEST WIND DIRECTION    SW (220)
  HIGHEST GUST SPEED    32   HIGHEST GUST DIRECTION    SW (220)
  AVERAGE WIND SPEED    15.0


SKY COVER
  AVERAGE SKY COVER 0.0


WEATHER CONDITIONS
THE FOLLOWING WEATHER WAS RECORDED TODAY.
  NO SIGNIFICANT WEATHER WAS OBSERVED.


RELATIVE HUMIDITY (PERCENT)
 HIGHEST    77
 LOWEST     33
 AVERAGE    55

..........................................................


THE DILLON AIRPORT MT CLIMATE NORMALS FOR TOMORROW
                         NORMAL    RECORD    YEAR
 MAXIMUM TEMPERATURE (F)   34        55      1980
 MINIMUM TEMPERATURE (F)   14       -16      2006


SUNRISE AND SUNSET
NOVEMBER 28 2020......SUNRISE   746 AM MST   SUNSET   450 PM MST
NOVEMBER 29 2020......SUNRISE   747 AM MST   SUNSET   450 PM MST


-  INDICATES NEGATIVE NUMBERS.
R  INDICATES RECORD WAS SET OR TIED.
MM INDICATES DATA IS MISSING.
T  INDICATES TRACE AMOUNT.




$$
