000
CDUS45 KEPZ 040946
CLIDMN

CLIMATE REPORT
NATIONAL WEATHER SERVICE EL PASO TX/SANTA TERESA NM
246 AM MST FRI DEC 04 2020

...................................

...THE DEMING CLIMATE SUMMARY FOR DECEMBER 3 2020...

CLIMATE NORMAL PERIOD 1981 TO 2010
CLIMATE RECORD PERIOD 2000 TO 2020


WEATHER ITEM   OBSERVED TIME   NORMAL DEPARTURE LAST
                VALUE   (LST)  VALUE  FROM      YEAR
                                      NORMAL
.......................................................
TEMPERATURE (F)
 YESTERDAY
  MAXIMUM         47    310 PM  59              64
  MINIMUM         23   1137 PM  29              27
  AVERAGE         35            44     -9       46

PRECIPITATION (IN)
  YESTERDAY        0.00          0.03  -0.03     0.00
  MONTH TO DATE    0.00          0.09  -0.09     0.00
  SINCE DEC 1      0.00          0.09  -0.09     0.00
  SINCE JAN 1      4.32         10.75  -6.43    10.07

.......................................................


WIND (MPH)
  HIGHEST WIND SPEED    16   HIGHEST WIND DIRECTION    NE (60)
  HIGHEST GUST SPEED    22   HIGHEST GUST DIRECTION    SE (120)
  AVERAGE WIND SPEED     7.7


SKY COVER
  AVERAGE SKY COVER 0.2


WEATHER CONDITIONS
THE FOLLOWING WEATHER WAS RECORDED YESTERDAY.
  NO SIGNIFICANT WEATHER WAS OBSERVED.


RELATIVE HUMIDITY (PERCENT)
 HIGHEST    54           700 AM
 LOWEST     23           200 PM
 AVERAGE    39

..........................................................


THE DEMING CLIMATE NORMALS FOR TODAY
                         NORMAL




SUNRISE AND SUNSET
DECEMBER  4 2020......SUNRISE   657 AM MST   SUNSET   506 PM MST
DECEMBER  5 2020......SUNRISE   658 AM MST   SUNSET   506 PM MST


-  INDICATES NEGATIVE NUMBERS.
R  INDICATES RECORD WAS SET OR TIED.
MM INDICATES DATA IS MISSING.
T  INDICATES TRACE AMOUNT.




$$
