000
CDUS43 KEAX 130632
CLIDMO

CLIMATE REPORT
NATIONAL WEATHER SERVICE
132 AM CDT SUN JUN 13 2021

...................................

...THE SEDALIA MO CLIMATE SUMMARY FOR JUNE 12 2021...

CLIMATE NORMAL PERIOD: 1991 TO 2020
CLIMATE RECORD PERIOD: 9999 TO 9999


WEATHER ITEM   OBSERVED TIME   NORMAL DEPARTURE LAST
                VALUE   (LST)  VALUE  FROM      YEAR
                                      NORMAL
.......................................................
TEMPERATURE (F)
 YESTERDAY
  MAXIMUM         90   2:11 PM  83      7       88
  MINIMUM         71  11:59 PM  63      8       65
  AVERAGE         81            73      8       77

PRECIPITATION (IN)
  YESTERDAY        0.00          0.15  -0.15     0.00
  MONTH TO DATE    0.90          1.71  -0.81     2.52
  SINCE JUN 1      0.90          1.71  -0.81     2.52
  SINCE JAN 1     21.62         15.87   5.75    18.71

DEGREE DAYS
 HEATING
  YESTERDAY        0             0      0        0
  MONTH TO DATE    0             7     -7        0
  SINCE JUN 1      0             7     -7        0
  SINCE JUL 1   4612          4946   -334     4568

 COOLING
  YESTERDAY       16             8      8       12
  MONTH TO DATE  128            82     46      131
  SINCE JUN 1    128            82     46      131
  SINCE JAN 1    243           196     47      215
.......................................................


WIND (MPH)
  HIGHEST WIND SPEED    16   HIGHEST WIND DIRECTION    NW (330)
  HIGHEST GUST SPEED    21   HIGHEST GUST DIRECTION     N (340)
  AVERAGE WIND SPEED     7.1


SKY COVER
  AVERAGE SKY COVER 0.3


WEATHER CONDITIONS
THE FOLLOWING WEATHER WAS RECORDED YESTERDAY.
  NO SIGNIFICANT WEATHER WAS OBSERVED.


RELATIVE HUMIDITY (PERCENT)
 HIGHEST    87           4:00 AM
 LOWEST     47           4:00 PM
 AVERAGE    67

..........................................................


THE SEDALIA MO CLIMATE NORMALS FOR TODAY
                         NORMAL




SUNRISE AND SUNSET
JUNE 13 2021..........SUNRISE   5:47 AM CDT   SUNSET   8:38 PM CDT
JUNE 14 2021..........SUNRISE   5:47 AM CDT   SUNSET   8:39 PM CDT


-  INDICATES NEGATIVE NUMBERS.
R  INDICATES RECORD WAS SET OR TIED.
MM INDICATES DATA IS MISSING.
T  INDICATES TRACE AMOUNT.




$$
