819
CDUS43 KEAX 280632
CLIDMO

CLIMATE REPORT
NATIONAL WEATHER SERVICE
1232 AM CST SAT NOV 28 2020

...................................

...THE SEDALIA MO CLIMATE SUMMARY FOR NOVEMBER 27 2020...

CLIMATE NORMAL PERIOD: 1981 TO 2010
CLIMATE RECORD PERIOD: 9999 TO 9999


WEATHER ITEM   OBSERVED TIME   NORMAL DEPARTURE LAST
                VALUE   (LST)  VALUE  FROM      YEAR
                                      NORMAL
.......................................................
TEMPERATURE (F)
 YESTERDAY
  MAXIMUM         52   3:13 PM  50      2       48
  MINIMUM         37  10:32 PM  33      4       29
  AVERAGE         45            41      4       39

PRECIPITATION (IN)
  YESTERDAY        0.00          0.10  -0.10      T
  MONTH TO DATE    1.78          2.80  -1.02     0.70
  SINCE SEP 1      6.63         10.55  -3.92    10.71
  SINCE JAN 1     33.68         38.49  -4.81    43.95

DEGREE DAYS
 HEATING
  YESTERDAY       20            24     -4       26
  MONTH TO DATE  355           479   -124      611
  SINCE SEP 1    748           769    -21     1020
  SINCE JUL 1    748           770    -22     1022

 COOLING
  YESTERDAY        0             0      0        0
  MONTH TO DATE    8             0      8        0
  SINCE SEP 1    184           202    -18      283
  SINCE JAN 1   1383          1487   -104     1146
.......................................................


WIND (MPH)
  HIGHEST WIND SPEED    21   HIGHEST WIND DIRECTION     N (350)
  HIGHEST GUST SPEED    24   HIGHEST GUST DIRECTION     N (340)
  AVERAGE WIND SPEED     7.2


SKY COVER
  AVERAGE SKY COVER 0.3


WEATHER CONDITIONS
THE FOLLOWING WEATHER WAS RECORDED YESTERDAY.
  NO SIGNIFICANT WEATHER WAS OBSERVED.


RELATIVE HUMIDITY (PERCENT)
 HIGHEST    89           7:00 AM
 LOWEST     50           4:00 PM
 AVERAGE    70

..........................................................


THE SEDALIA MO CLIMATE NORMALS FOR TODAY
                         NORMAL




SUNRISE AND SUNSET
NOVEMBER 28 2020......SUNRISE   7:09 AM CST   SUNSET   4:52 PM CST
NOVEMBER 29 2020......SUNRISE   7:10 AM CST   SUNSET   4:52 PM CST


-  INDICATES NEGATIVE NUMBERS.
R  INDICATES RECORD WAS SET OR TIED.
MM INDICATES DATA IS MISSING.
T  INDICATES TRACE AMOUNT.




$$
