000
CDUS42 KCAE 282227
CLIDNL


CLIMATE REPORT
NATIONAL WEATHER SERVICE COLUMBIA SC
527 PM EST SAT NOV 28 2020


...................................

...THE AUGUSTA DANIEL FIELD GA CLIMATE SUMMARY FOR NOVEMBER 28 2020...
VALID TODAY AS OF 0500 PM LOCAL TIME.

CLIMATE NORMAL PERIOD 1981 TO 2010
CLIMATE RECORD PERIOD 9999 TO 9999


WEATHER ITEM   OBSERVED TIME   NORMAL DEPARTURE LAST
                VALUE   (LST)  VALUE  FROM      YEAR
                                      NORMAL
......................................................
TEMPERATURE (F)
 TODAY
  MAXIMUM         63   1226 AM  63      0       69
  MINIMUM         55   1006 AM  44     11       47
  AVERAGE         59            53      6

PRECIPITATION (IN)
  TODAY            0.28          0.13   0.15     0.00
  MONTH TO DATE    1.82          2.92  -1.10     3.06
  SINCE SEP 1     11.30          9.52   1.78     6.82
  SINCE JAN 1     53.92         42.68  11.24    37.86

DEGREE DAYS
 HEATING
  TODAY            6            12     -6        7
  MONTH TO DATE  106           232   -126      298
  SINCE SEP 1    121           310   -189      311
  SINCE JUL 1    121           310   -189      311

 COOLING
  TODAY            0             0      0        0
  MONTH TO DATE   82            14     68        2
  SINCE SEP 1    659           440    219      762
  SINCE JAN 1   2792          2251    541     3062
......................................................


WIND (MPH)
  HIGHEST WIND SPEED    15   HIGHEST WIND DIRECTION    NW (320)
  HIGHEST GUST SPEED    20   HIGHEST GUST DIRECTION    NW (330)
  AVERAGE WIND SPEED     2.9


SKY COVER
  AVERAGE SKY COVER 0.9


WEATHER CONDITIONS
 THE FOLLOWING WEATHER WAS RECORDED TODAY.
  LIGHT RAIN
  FOG


RELATIVE HUMIDITY (PERCENT)
 HIGHEST    93           900 AM
 LOWEST     52          1200 AM

..........................................................


THE AUGUSTA DANIEL FIELD GA CLIMATE NORMALS FOR TOMORROW
                         NORMAL
 MAXIMUM TEMPERATURE (F)   63
 MINIMUM TEMPERATURE (F)   43


SUNRISE AND SUNSET
NOVEMBER 28 2020......SUNRISE   712 AM EST   SUNSET   520 PM EST
NOVEMBER 29 2020......SUNRISE   713 AM EST   SUNSET   520 PM EST


-  INDICATES NEGATIVE NUMBERS.
R  INDICATES RECORD WAS SET OR TIED.
MM INDICATES DATA IS MISSING.
T  INDICATES TRACE AMOUNT.




$$
