000
CDUS45 KVEF 040821
CLIDRA

CLIMATE REPORT
NATIONAL WEATHER SERVICE LAS VEGAS, NV
1221 AM PST FRI DEC 04 2020

...................................

...THE DESERT ROCK-MERCURY NV CLIMATE SUMMARY FOR DECEMBER 3 2020...

CLIMATE NORMAL PERIOD: 1981 TO 2010
CLIMATE RECORD PERIOD: 1978 TO 2020


WEATHER ITEM   OBSERVED TIME   RECORD YEAR NORMAL DEPARTURE LAST
                VALUE   (LST)  VALUE       VALUE  FROM      YEAR
                                                  NORMAL
...................................................................
TEMPERATURE (F)
 YESTERDAY
  MAXIMUM         57        MM  68    2017  57      0       55
  MINIMUM         28R       MM  28    2006  33     -5       35
  AVERAGE         43                        45     -2       45

PRECIPITATION (IN)
  YESTERDAY        0.00          0.14 2014   0.02  -0.02     0.00
  MONTH TO DATE    0.00                      0.04  -0.04     0.00
  SINCE OCT 1      T                         0.76  -0.76     0.99
  SINCE JAN 1      2.47                      5.33  -2.86     6.23

SNOWFALL (IN)
  YESTERDAY        0.0           T    2013   0.0             0.0
  MONTH TO DATE    0.0                       0.0             0.0
  SINCE DEC 1      0.0                       0.0             0.0
  SINCE JUL 1      0.0                       0.2              T

DEGREE DAYS
 HEATING
  YESTERDAY       22                        20      2       20
  MONTH TO DATE   56                        60     -4       66
  SINCE DEC 1     56                        60     -4       66
  SINCE JUL 1    483                       617   -134      595

 COOLING
  YESTERDAY        0                         0      0        0
  MONTH TO DATE    0                         0      0        0
  SINCE DEC 1      0                         0      0        0
  SINCE JAN 1   2672                      2195    477     2190
...................................................................


WIND (MPH)
  RESULTANT WIND SPEED   6   RESULTANT WIND DIRECTION  NE (40)
  HIGHEST WIND SPEED    18   HIGHEST WIND DIRECTION    NE (30)
  HIGHEST GUST SPEED    25   HIGHEST GUST DIRECTION    NE (50)
  AVERAGE WIND SPEED     7.7


SKY COVER
  AVERAGE SKY COVER 0.0


WEATHER CONDITIONS
THE FOLLOWING WEATHER WAS RECORDED YESTERDAY.
  NO SIGNIFICANT WEATHER WAS OBSERVED.


RELATIVE HUMIDITY (PERCENT)
 HIGHEST    33           4:00 AM
 LOWEST      8           4:00 PM
 AVERAGE    21

..........................................................


THE DESERT ROCK-MERCURY NV CLIMATE NORMALS FOR TODAY
                         NORMAL    RECORD    YEAR
 MAXIMUM TEMPERATURE (F)   56        69      1979
                                             1989
 MINIMUM TEMPERATURE (F)   33        26      2009
                                             2013


SUNRISE AND SUNSET
DECEMBER  4 2020......SUNRISE   6:41 AM PST   SUNSET   4:28 PM PST
DECEMBER  5 2020......SUNRISE   6:42 AM PST   SUNSET   4:28 PM PST


-  INDICATES NEGATIVE NUMBERS.
R  INDICATES RECORD WAS SET OR TIED.
MM INDICATES DATA IS MISSING.
T  INDICATES TRACE AMOUNT.




$$
